{"id":947,"date":"2023-03-09T20:18:28","date_gmt":"2023-03-09T20:18:28","guid":{"rendered":"https:\/\/hofre.pl\/?page_id=947"},"modified":"2023-06-11T10:33:04","modified_gmt":"2023-06-11T10:33:04","slug":"hofre-poznan-social-media","status":"publish","type":"page","link":"https:\/\/hofre.pl\/index.php\/hofre-poznan-social-media\/","title":{"rendered":"Social media"},"content":{"rendered":"\n<h1 class=\"wp-block-heading has-black-color has-text-color\">Firma sprz\u0105taj\u0105ca Hofre z Poznania w social media. <\/h1>\n\n\n\n<p class=\"has-black-color has-text-color\">Hofre Pozna\u0144 Social media<\/p>\n\n\n\n<p class=\"has-black-color has-text-color\">Sta\u0142o si\u0119 zmieniamy si\u0119 dla was tak aby dotrze\u0107 do was jak najwi\u0119ksz\u0105 liczb\u0105 kana\u0142\u00f3w. Dlatego utworzyli\u015bmy kana\u0142y w Social media by promowa\u0107 nasze us\u0142ugi sprz\u0105taj\u0105ce w Poznaniu do jak najwi\u0119kszej liczby os\u00f3b. <\/p>\n\n\n\n<p class=\"has-black-color has-text-color\">Hofre promuje wszystkie swoje us\u0142ugi porz\u0105dkowo sprz\u0105taj\u0105ce: <\/p>\n\n\n\n<ul class=\"wp-block-list\">\n<li><a href=\"https:\/\/hofre.pl\/index.php\/firma-sprzatajaca-biura-poznan\/\" target=\"_blank\" rel=\"noreferrer noopener\">Sprz\u0105tanie biur w Poznaniu <\/a><\/li>\n\n\n\n<li><a href=\"https:\/\/hofre.pl\/index.php\/mycie-okien-poznan\/\" target=\"_blank\" rel=\"noreferrer noopener\">Mycie okien Pozna\u0144<\/a> <\/li>\n\n\n\n<li>Sprz\u0105tanie jednorazowe po budowie, remoncie <\/li>\n\n\n\n<li>Sprz\u0105tanie po przeprowadzce <\/li>\n\n\n\n<li>Firma sprz\u0105taj\u0105ca domy i mieszkania w Poznaniu<\/li>\n\n\n\n<li>Inne <a href=\"https:\/\/hofre.pl\/index.php\/uslugi-sprzatajace-w-poznaniu\/\" target=\"_blank\" rel=\"noreferrer noopener\">us\u0142ugi <\/a>sprz\u0105taj\u0105ce w Poznaniu i okolicach do 35 KM <\/li>\n<\/ul>\n\n\n\n<h2 class=\"wp-block-heading has-black-color has-text-color\">Oto lista naszych kana\u0142\u00f3w firmy sprz\u0105taj\u0105cej Hofre z Poznania w Social media. <\/h2>\n\n\n\n<p class=\"has-black-color has-text-color\"><a href=\"https:\/\/www.facebook.com\/HofrePoznan\" target=\"_blank\" rel=\"noreferrer noopener\">Facebook<\/a>: https:\/\/www.facebook.com\/HofrePoznan<\/p>\n\n\n\n<p class=\"has-black-color has-text-color\"><a href=\"https:\/\/www.facebook.com\/HofrePoznan\" target=\"_blank\" rel=\"noreferrer noopener\">Instagram<\/a>: https:\/\/www.facebook.com\/HofrePoznan<\/p>\n\n\n\n<p class=\"has-black-color has-text-color\"><a href=\"https:\/\/twitter.com\/HofrePoznan\" target=\"_blank\" rel=\"noreferrer noopener\">Twitter<\/a>: https:\/\/twitter.com\/HofrePoznan<\/p>\n\n\n\n<p class=\"has-black-color has-text-color\"><a href=\"https:\/\/goo.gl\/maps\/ikXApszPe4QPrEcw6\" target=\"_blank\" rel=\"noreferrer noopener\">Google Wizyt\u00f3wka<\/a>: https:\/\/goo.gl\/maps\/ikXApszPe4QPrEcw6<\/p>\n\n\n\n<p class=\"has-black-color has-text-color\"><a href=\"https:\/\/www.pinterest.com\/hofrepoznan\/\" target=\"_blank\" rel=\"noreferrer noopener\">Pinterest<\/a>: https:\/\/www.pinterest.com\/hofrepoznan\/<\/p>\n\n\n\n<p class=\"has-black-color has-text-color\"><a href=\"https:\/\/www.youtube.com\/@Hofre\" target=\"_blank\" rel=\"noreferrer noopener\">YouTube<\/a>: https:\/\/www.youtube.com\/@Hofre<\/p>\n\n\n\n<h4 class=\"wp-block-heading has-black-color has-text-color\">Podobaj\u0105 si\u0119 kana\u0142y ?<\/h4>\n\n\n\n<p class=\"has-black-color has-text-color\">Je\u015bli podobaj\u0105 si\u0119 tobie kana\u0142y i nasze realizacje us\u0142ug porz\u0105dkowych w Poznaniu zostaw wiadomo\u015b\u0107, skomentuj polub nas w ka\u017cdym z medium i pole\u0107 znajomemu . \u0141apka w g\u00f3r\u0119 i lecimy dalej . <\/p>\n\n\n\n<h4 class=\"wp-block-heading has-black-color has-text-color\">Kontakt z nami i zam\u00f3wienie us\u0142ug<\/h4>\n\n\n\n<p class=\"has-black-color has-text-color\">Je\u015bli spodoba\u0142a si\u0119 tobie nasza praca i chcesz zam\u00f3wi\u0107 us\u0142ugi to skorzystaj z naszego <a href=\"https:\/\/hofre.pl\/index.php\/firma-sprzatajaca-poznan-cennik\/\" target=\"_blank\" rel=\"noreferrer noopener\">cennika <\/a>oraz z zak\u0142adki <a href=\"https:\/\/hofre.pl\/index.php\/firma-sprzatajaca-poznan-kontakt\/\" target=\"_blank\" rel=\"noreferrer noopener\">kontakt <\/a><\/p>\n\n\n\n<p class=\"has-black-color has-text-color\">lub skorzystaj z formularza kontaktowego i zam\u00f3w cho\u0107by sprz\u0105tanie biura Pozna\u0144 lub mycie okien w domu Pozna\u0144. Hofre Pozna\u0144 Social media<\/p>\n\n\n\n<div class=\"wp-block-contact-form-7-contact-form-selector\">\n<div class=\"wpcf7 no-js\" id=\"wpcf7-f92-o1\" lang=\"pl-PL\" dir=\"ltr\" data-wpcf7-id=\"92\">\n<div class=\"screen-reader-response\"><p role=\"status\" aria-live=\"polite\" aria-atomic=\"true\"><\/p> <ul><\/ul><\/div>\n<form action=\"\/index.php\/wp-json\/wp\/v2\/pages\/947#wpcf7-f92-o1\" method=\"post\" class=\"wpcf7-form init\" aria-label=\"Formularz kontaktowy\" novalidate=\"novalidate\" data-status=\"init\">\n<fieldset class=\"hidden-fields-container\"><input type=\"hidden\" name=\"_wpcf7\" value=\"92\" \/><input type=\"hidden\" name=\"_wpcf7_version\" value=\"6.1.5\" \/><input type=\"hidden\" name=\"_wpcf7_locale\" value=\"pl_PL\" \/><input type=\"hidden\" name=\"_wpcf7_unit_tag\" value=\"wpcf7-f92-o1\" \/><input type=\"hidden\" name=\"_wpcf7_container_post\" value=\"0\" \/><input type=\"hidden\" name=\"_wpcf7_posted_data_hash\" value=\"\" \/>\n<\/fieldset>\n<p><label> Twoje imi\u0119 i nazwisko<br \/>\n<span class=\"wpcf7-form-control-wrap\" data-name=\"your-name\"><input size=\"40\" maxlength=\"400\" class=\"wpcf7-form-control wpcf7-text wpcf7-validates-as-required\" aria-required=\"true\" aria-invalid=\"false\" value=\"\" type=\"text\" name=\"your-name\" \/><\/span> <\/label>\n<\/p>\n<p><label> Tw\u00f3j adres e-mail<br \/>\n<span class=\"wpcf7-form-control-wrap\" data-name=\"your-email\"><input size=\"40\" maxlength=\"400\" class=\"wpcf7-form-control wpcf7-email wpcf7-validates-as-required wpcf7-text wpcf7-validates-as-email\" aria-required=\"true\" aria-invalid=\"false\" value=\"\" type=\"email\" name=\"your-email\" \/><\/span> <\/label>\n<\/p>\n<p><label> Temat<br \/>\n<span class=\"wpcf7-form-control-wrap\" data-name=\"your-subject\"><input size=\"40\" maxlength=\"400\" class=\"wpcf7-form-control wpcf7-text wpcf7-validates-as-required\" aria-required=\"true\" aria-invalid=\"false\" value=\"\" type=\"text\" name=\"your-subject\" \/><\/span> <\/label>\n<\/p>\n<p><label> Twoja wiadomo\u015b\u0107 (zostaw numer telefonu do siebie w tre\u015bci)<br \/>\n<span class=\"wpcf7-form-control-wrap\" data-name=\"your-message\"><textarea cols=\"40\" rows=\"10\" maxlength=\"2000\" class=\"wpcf7-form-control wpcf7-textarea\" aria-invalid=\"false\" name=\"your-message\"><\/textarea><\/span> <\/label>\n<\/p>\n<p><input class=\"wpcf7-form-control wpcf7-submit has-spinner\" type=\"submit\" value=\"Wy\u015blij\" \/>\n<\/p><div class=\"wpcf7-response-output\" aria-hidden=\"true\"><\/div>\n<\/form>\n<\/div>\n<\/div>\n\n\n\n<h5 class=\"wp-block-heading\">Realizacje naszych us\u0142ug<\/h5>\n\n\n\n<figure class=\"wp-block-gallery has-nested-images columns-3 is-cropped wp-block-gallery-1 is-layout-flex wp-block-gallery-is-layout-flex\">\n<figure class=\"wp-block-image size-medium is-style-rounded\"><img loading=\"lazy\" decoding=\"async\" width=\"300\" height=\"169\" data-id=\"944\" src=\"https:\/\/hofre.pl\/wp-content\/uploads\/2023\/03\/20230228_140959-300x169.jpg\" alt=\"Sprz\u0105tanie mieszka\u0144 Pozna\u0144, Hofre Pozna\u0144 Social media\" class=\"wp-image-944\" srcset=\"https:\/\/hofre.pl\/wp-content\/uploads\/2023\/03\/20230228_140959-300x169.jpg 300w, https:\/\/hofre.pl\/wp-content\/uploads\/2023\/03\/20230228_140959-1024x576.jpg 1024w, https:\/\/hofre.pl\/wp-content\/uploads\/2023\/03\/20230228_140959-768x432.jpg 768w, https:\/\/hofre.pl\/wp-content\/uploads\/2023\/03\/20230228_140959-1536x864.jpg 1536w, https:\/\/hofre.pl\/wp-content\/uploads\/2023\/03\/20230228_140959-2048x1152.jpg 2048w\" sizes=\"auto, (max-width: 300px) 100vw, 300px\" \/><\/figure>\n\n\n\n<figure class=\"wp-block-image size-medium is-style-rounded\"><img loading=\"lazy\" decoding=\"async\" width=\"300\" height=\"169\" data-id=\"927\" src=\"https:\/\/hofre.pl\/wp-content\/uploads\/2023\/03\/20230227_161804-300x169.jpg\" alt=\"Sprz\u0105tanie po remoncie pozna\u0144\" class=\"wp-image-927\" srcset=\"https:\/\/hofre.pl\/wp-content\/uploads\/2023\/03\/20230227_161804-300x169.jpg 300w, https:\/\/hofre.pl\/wp-content\/uploads\/2023\/03\/20230227_161804-1024x576.jpg 1024w\" sizes=\"auto, (max-width: 300px) 100vw, 300px\" \/><\/figure>\n\n\n\n<figure class=\"wp-block-image size-medium is-style-rounded\"><img loading=\"lazy\" decoding=\"async\" width=\"300\" height=\"169\" data-id=\"247\" src=\"https:\/\/hofre.pl\/wp-content\/uploads\/2022\/10\/20221014_121121-300x169.jpg\" alt=\"Mycie bierz\u0105ce stali nierdzewnej\" class=\"wp-image-247\" srcset=\"https:\/\/hofre.pl\/wp-content\/uploads\/2022\/10\/20221014_121121-300x169.jpg 300w, https:\/\/hofre.pl\/wp-content\/uploads\/2022\/10\/20221014_121121-1024x576.jpg 1024w, https:\/\/hofre.pl\/wp-content\/uploads\/2022\/10\/20221014_121121-768x432.jpg 768w, https:\/\/hofre.pl\/wp-content\/uploads\/2022\/10\/20221014_121121-1536x864.jpg 1536w, https:\/\/hofre.pl\/wp-content\/uploads\/2022\/10\/20221014_121121-2048x1152.jpg 2048w\" sizes=\"auto, (max-width: 300px) 100vw, 300px\" \/><\/figure>\n<\/figure>\n","protected":false},"excerpt":{"rendered":"<p>Firma sprz\u0105taj\u0105ca Hofre z Poznania w social media. Hofre Pozna\u0144 Social media Sta\u0142o si\u0119 zmieniamy si\u0119 dla was tak aby dotrze\u0107 do was jak najwi\u0119ksz\u0105 liczb\u0105 kana\u0142\u00f3w. Dlatego utworzyli\u015bmy kana\u0142y w Social media by promowa\u0107 nasze us\u0142ugi sprz\u0105taj\u0105ce w Poznaniu do jak najwi\u0119kszej liczby os\u00f3b. Hofre promuje wszystkie swoje us\u0142ugi porz\u0105dkowo sprz\u0105taj\u0105ce: Oto lista naszych [&hellip;]<\/p>\n","protected":false},"author":1,"featured_media":0,"parent":0,"menu_order":0,"comment_status":"closed","ping_status":"closed","template":"","meta":{"footnotes":""},"class_list":["post-947","page","type-page","status-publish","hentry"],"yoast_head":"<!-- This site is optimized with the Yoast SEO plugin v27.4 - https:\/\/yoast.com\/product\/yoast-seo-wordpress\/ -->\n<title>Hofre Pozna\u0144 Social media - Hofre.pl<\/title>\n<meta name=\"description\" content=\"Specjalnie dla was nasze us\u0142ugi sprz\u0105taj\u0105ce w Poznaniu prezentowane gdzie ? Hofre pozna\u0144 Social media to ca\u0142a paczka naszych realizacji\" \/>\n<meta name=\"robots\" content=\"index, follow, max-snippet:-1, max-image-preview:large, max-video-preview:-1\" \/>\n<link rel=\"canonical\" href=\"https:\/\/hofre.pl\/index.php\/hofre-poznan-social-media\/\" \/>\n<meta property=\"og:locale\" content=\"en_US\" \/>\n<meta property=\"og:type\" content=\"article\" \/>\n<meta property=\"og:title\" content=\"Hofre Pozna\u0144 Social media - Hofre.pl\" \/>\n<meta property=\"og:description\" content=\"Specjalnie dla was nasze us\u0142ugi sprz\u0105taj\u0105ce w Poznaniu prezentowane gdzie ? Hofre pozna\u0144 Social media to ca\u0142a paczka naszych realizacji\" \/>\n<meta property=\"og:url\" content=\"https:\/\/hofre.pl\/index.php\/hofre-poznan-social-media\/\" \/>\n<meta property=\"article:publisher\" content=\"https:\/\/www.facebook.com\/profile.php?id=100088584422656\" \/>\n<meta property=\"article:modified_time\" content=\"2023-06-11T10:33:04+00:00\" \/>\n<meta property=\"og:image\" content=\"https:\/\/hofre.pl\/wp-content\/uploads\/2023\/03\/20230228_140959-300x169.jpg\" \/>\n<meta name=\"twitter:card\" content=\"summary_large_image\" \/>\n<meta name=\"twitter:label1\" content=\"Est. reading time\" \/>\n\t<meta name=\"twitter:data1\" content=\"2 minutes\" \/>\n<script type=\"application\/ld+json\" class=\"yoast-schema-graph\">{\"@context\":\"https:\\\/\\\/schema.org\",\"@graph\":[{\"@type\":\"WebPage\",\"@id\":\"https:\\\/\\\/hofre.pl\\\/index.php\\\/hofre-poznan-social-media\\\/\",\"url\":\"https:\\\/\\\/hofre.pl\\\/index.php\\\/hofre-poznan-social-media\\\/\",\"name\":\"Hofre Pozna\u0144 Social media - Hofre.pl\",\"isPartOf\":{\"@id\":\"https:\\\/\\\/hofre.pl\\\/#website\"},\"primaryImageOfPage\":{\"@id\":\"https:\\\/\\\/hofre.pl\\\/index.php\\\/hofre-poznan-social-media\\\/#primaryimage\"},\"image\":{\"@id\":\"https:\\\/\\\/hofre.pl\\\/index.php\\\/hofre-poznan-social-media\\\/#primaryimage\"},\"thumbnailUrl\":\"https:\\\/\\\/hofre.pl\\\/wp-content\\\/uploads\\\/2023\\\/03\\\/20230228_140959-300x169.jpg\",\"datePublished\":\"2023-03-09T20:18:28+00:00\",\"dateModified\":\"2023-06-11T10:33:04+00:00\",\"description\":\"Specjalnie dla was nasze us\u0142ugi sprz\u0105taj\u0105ce w Poznaniu prezentowane gdzie ? Hofre pozna\u0144 Social media to ca\u0142a paczka naszych realizacji\",\"breadcrumb\":{\"@id\":\"https:\\\/\\\/hofre.pl\\\/index.php\\\/hofre-poznan-social-media\\\/#breadcrumb\"},\"inLanguage\":\"en-US\",\"potentialAction\":[{\"@type\":\"ReadAction\",\"target\":[\"https:\\\/\\\/hofre.pl\\\/index.php\\\/hofre-poznan-social-media\\\/\"]}]},{\"@type\":\"ImageObject\",\"inLanguage\":\"en-US\",\"@id\":\"https:\\\/\\\/hofre.pl\\\/index.php\\\/hofre-poznan-social-media\\\/#primaryimage\",\"url\":\"https:\\\/\\\/hofre.pl\\\/wp-content\\\/uploads\\\/2023\\\/03\\\/20230228_140959-scaled.jpg\",\"contentUrl\":\"https:\\\/\\\/hofre.pl\\\/wp-content\\\/uploads\\\/2023\\\/03\\\/20230228_140959-scaled.jpg\",\"width\":2560,\"height\":1440,\"caption\":\"Sprz\u0105tanie mieszka\u0144 Pozna\u0144\"},{\"@type\":\"BreadcrumbList\",\"@id\":\"https:\\\/\\\/hofre.pl\\\/index.php\\\/hofre-poznan-social-media\\\/#breadcrumb\",\"itemListElement\":[{\"@type\":\"ListItem\",\"position\":1,\"name\":\"Strona g\u0142\u00f3wna\",\"item\":\"https:\\\/\\\/hofre.pl\\\/\"},{\"@type\":\"ListItem\",\"position\":2,\"name\":\"Social media\"}]},{\"@type\":\"WebSite\",\"@id\":\"https:\\\/\\\/hofre.pl\\\/#website\",\"url\":\"https:\\\/\\\/hofre.pl\\\/\",\"name\":\"Firma sprz\u0105taj\u0105ca Pozna\u0144 Hofre\",\"description\":\"\",\"publisher\":{\"@id\":\"https:\\\/\\\/hofre.pl\\\/#organization\"},\"alternateName\":\"Firma sprz\u0105taj\u0105ca z Poznania\",\"potentialAction\":[{\"@type\":\"SearchAction\",\"target\":{\"@type\":\"EntryPoint\",\"urlTemplate\":\"https:\\\/\\\/hofre.pl\\\/?s={search_term_string}\"},\"query-input\":{\"@type\":\"PropertyValueSpecification\",\"valueRequired\":true,\"valueName\":\"search_term_string\"}}],\"inLanguage\":\"en-US\"},{\"@type\":\"Organization\",\"@id\":\"https:\\\/\\\/hofre.pl\\\/#organization\",\"name\":\"Firma sprz\u0105taj\u0105ca Pozna\u0144 Hofre\",\"url\":\"https:\\\/\\\/hofre.pl\\\/\",\"logo\":{\"@type\":\"ImageObject\",\"inLanguage\":\"en-US\",\"@id\":\"https:\\\/\\\/hofre.pl\\\/#\\\/schema\\\/logo\\\/image\\\/\",\"url\":\"https:\\\/\\\/hofre.pl\\\/wp-content\\\/uploads\\\/2023\\\/02\\\/cropped-Hofre-Poznan-logo.jpg\",\"contentUrl\":\"https:\\\/\\\/hofre.pl\\\/wp-content\\\/uploads\\\/2023\\\/02\\\/cropped-Hofre-Poznan-logo.jpg\",\"width\":825,\"height\":250,\"caption\":\"Firma sprz\u0105taj\u0105ca Pozna\u0144 Hofre\"},\"image\":{\"@id\":\"https:\\\/\\\/hofre.pl\\\/#\\\/schema\\\/logo\\\/image\\\/\"},\"sameAs\":[\"https:\\\/\\\/www.facebook.com\\\/profile.php?id=100088584422656\",\"https:\\\/\\\/www.instagram.com\\\/firma_sprzatajaca_poznan_hofre\\\/\"]}]}<\/script>\n<!-- \/ Yoast SEO plugin. -->","yoast_head_json":{"title":"Hofre Pozna\u0144 Social media - Hofre.pl","description":"Specjalnie dla was nasze us\u0142ugi sprz\u0105taj\u0105ce w Poznaniu prezentowane gdzie ? Hofre pozna\u0144 Social media to ca\u0142a paczka naszych realizacji","robots":{"index":"index","follow":"follow","max-snippet":"max-snippet:-1","max-image-preview":"max-image-preview:large","max-video-preview":"max-video-preview:-1"},"canonical":"https:\/\/hofre.pl\/index.php\/hofre-poznan-social-media\/","og_locale":"en_US","og_type":"article","og_title":"Hofre Pozna\u0144 Social media - Hofre.pl","og_description":"Specjalnie dla was nasze us\u0142ugi sprz\u0105taj\u0105ce w Poznaniu prezentowane gdzie ? Hofre pozna\u0144 Social media to ca\u0142a paczka naszych realizacji","og_url":"https:\/\/hofre.pl\/index.php\/hofre-poznan-social-media\/","article_publisher":"https:\/\/www.facebook.com\/profile.php?id=100088584422656","article_modified_time":"2023-06-11T10:33:04+00:00","og_image":[{"url":"https:\/\/hofre.pl\/wp-content\/uploads\/2023\/03\/20230228_140959-300x169.jpg","type":"","width":"","height":""}],"twitter_card":"summary_large_image","twitter_misc":{"Est. reading time":"2 minutes"},"schema":{"@context":"https:\/\/schema.org","@graph":[{"@type":"WebPage","@id":"https:\/\/hofre.pl\/index.php\/hofre-poznan-social-media\/","url":"https:\/\/hofre.pl\/index.php\/hofre-poznan-social-media\/","name":"Hofre Pozna\u0144 Social media - Hofre.pl","isPartOf":{"@id":"https:\/\/hofre.pl\/#website"},"primaryImageOfPage":{"@id":"https:\/\/hofre.pl\/index.php\/hofre-poznan-social-media\/#primaryimage"},"image":{"@id":"https:\/\/hofre.pl\/index.php\/hofre-poznan-social-media\/#primaryimage"},"thumbnailUrl":"https:\/\/hofre.pl\/wp-content\/uploads\/2023\/03\/20230228_140959-300x169.jpg","datePublished":"2023-03-09T20:18:28+00:00","dateModified":"2023-06-11T10:33:04+00:00","description":"Specjalnie dla was nasze us\u0142ugi sprz\u0105taj\u0105ce w Poznaniu prezentowane gdzie ? Hofre pozna\u0144 Social media to ca\u0142a paczka naszych realizacji","breadcrumb":{"@id":"https:\/\/hofre.pl\/index.php\/hofre-poznan-social-media\/#breadcrumb"},"inLanguage":"en-US","potentialAction":[{"@type":"ReadAction","target":["https:\/\/hofre.pl\/index.php\/hofre-poznan-social-media\/"]}]},{"@type":"ImageObject","inLanguage":"en-US","@id":"https:\/\/hofre.pl\/index.php\/hofre-poznan-social-media\/#primaryimage","url":"https:\/\/hofre.pl\/wp-content\/uploads\/2023\/03\/20230228_140959-scaled.jpg","contentUrl":"https:\/\/hofre.pl\/wp-content\/uploads\/2023\/03\/20230228_140959-scaled.jpg","width":2560,"height":1440,"caption":"Sprz\u0105tanie mieszka\u0144 Pozna\u0144"},{"@type":"BreadcrumbList","@id":"https:\/\/hofre.pl\/index.php\/hofre-poznan-social-media\/#breadcrumb","itemListElement":[{"@type":"ListItem","position":1,"name":"Strona g\u0142\u00f3wna","item":"https:\/\/hofre.pl\/"},{"@type":"ListItem","position":2,"name":"Social media"}]},{"@type":"WebSite","@id":"https:\/\/hofre.pl\/#website","url":"https:\/\/hofre.pl\/","name":"Firma sprz\u0105taj\u0105ca Pozna\u0144 Hofre","description":"","publisher":{"@id":"https:\/\/hofre.pl\/#organization"},"alternateName":"Firma sprz\u0105taj\u0105ca z Poznania","potentialAction":[{"@type":"SearchAction","target":{"@type":"EntryPoint","urlTemplate":"https:\/\/hofre.pl\/?s={search_term_string}"},"query-input":{"@type":"PropertyValueSpecification","valueRequired":true,"valueName":"search_term_string"}}],"inLanguage":"en-US"},{"@type":"Organization","@id":"https:\/\/hofre.pl\/#organization","name":"Firma sprz\u0105taj\u0105ca Pozna\u0144 Hofre","url":"https:\/\/hofre.pl\/","logo":{"@type":"ImageObject","inLanguage":"en-US","@id":"https:\/\/hofre.pl\/#\/schema\/logo\/image\/","url":"https:\/\/hofre.pl\/wp-content\/uploads\/2023\/02\/cropped-Hofre-Poznan-logo.jpg","contentUrl":"https:\/\/hofre.pl\/wp-content\/uploads\/2023\/02\/cropped-Hofre-Poznan-logo.jpg","width":825,"height":250,"caption":"Firma sprz\u0105taj\u0105ca Pozna\u0144 Hofre"},"image":{"@id":"https:\/\/hofre.pl\/#\/schema\/logo\/image\/"},"sameAs":["https:\/\/www.facebook.com\/profile.php?id=100088584422656","https:\/\/www.instagram.com\/firma_sprzatajaca_poznan_hofre\/"]}]}},"jetpack_sharing_enabled":true,"_links":{"self":[{"href":"https:\/\/hofre.pl\/index.php\/wp-json\/wp\/v2\/pages\/947","targetHints":{"allow":["GET"]}}],"collection":[{"href":"https:\/\/hofre.pl\/index.php\/wp-json\/wp\/v2\/pages"}],"about":[{"href":"https:\/\/hofre.pl\/index.php\/wp-json\/wp\/v2\/types\/page"}],"author":[{"embeddable":true,"href":"https:\/\/hofre.pl\/index.php\/wp-json\/wp\/v2\/users\/1"}],"replies":[{"embeddable":true,"href":"https:\/\/hofre.pl\/index.php\/wp-json\/wp\/v2\/comments?post=947"}],"version-history":[{"count":10,"href":"https:\/\/hofre.pl\/index.php\/wp-json\/wp\/v2\/pages\/947\/revisions"}],"predecessor-version":[{"id":1231,"href":"https:\/\/hofre.pl\/index.php\/wp-json\/wp\/v2\/pages\/947\/revisions\/1231"}],"wp:attachment":[{"href":"https:\/\/hofre.pl\/index.php\/wp-json\/wp\/v2\/media?parent=947"}],"curies":[{"name":"wp","href":"https:\/\/api.w.org\/{rel}","templated":true}]}}