{"id":1654,"date":"2025-03-11T12:03:17","date_gmt":"2025-03-11T12:03:17","guid":{"rendered":"https:\/\/hofre.pl\/?page_id=1654"},"modified":"2025-03-11T13:31:08","modified_gmt":"2025-03-11T13:31:08","slug":"firma-sprzatajaca-rokietnica","status":"publish","type":"page","link":"https:\/\/hofre.pl\/index.php\/firma-sprzatajaca-rokietnica\/","title":{"rendered":"Firma sprz\u0105taj\u0105ca Rokietnica"},"content":{"rendered":"\n<p class=\"has-black-color has-text-color has-link-color wp-elements-62a00c7d7b541f90c3bed13585a56d8a\"><strong>Profesjonalne Us\u0142ugi Sprz\u0105tania w Rokietnicy i Okolicach<\/strong><\/p>\n\n\n\n<h2 class=\"wp-block-heading has-text-align-center has-black-color has-text-color has-link-color wp-elements-fd280660640d7f6904af3ed993e445a9\"><strong>Firma sprz\u0105taj\u0105ca Rokietnica<\/strong><\/h2>\n\n\n\n<p class=\"has-text-align-center has-black-color has-text-color has-link-color wp-elements-a27a036b1ef1d592fe080540199af3aa\"><strong>Profesjonalne Us\u0142ugi Sprz\u0105taj\u0105ce w Rokietnicy i Najbli\u017cszych Okolicach \u2013 Mycie Okien, Sprz\u0105tanie Biur oraz Sprz\u0105tanie po Budowie i Remoncie<\/strong><\/p>\n\n\n\n<p class=\"has-black-color has-text-color has-link-color wp-elements-bc7c35a410732f1046e6f75333042f44\">Szukasz rzetelnej firmy sprz\u0105taj\u0105cej w Rokietnicy, kt\u00f3ra zapewni kompleksow\u0105 obs\u0142ug\u0119 w promieniu do 10 km od miasta? Nasza firma to idealne rozwi\u0105zanie dla Ciebie! Specjalizujemy si\u0119 w profesjonalnym myciu okien, sprz\u0105taniu biur oraz sprz\u0105taniu po budowie i remoncie. Dzia\u0142amy nie tylko w Rokietnicy, ale r\u00f3wnie\u017c w najbli\u017cszych miejscowo\u015bciach, takich jak: <strong>Prze\u017amierowo<\/strong>,\u00a0<strong>Lusowo<\/strong>,\u00a0<strong>Chludowo<\/strong>,\u00a0<strong>Biedrusko<\/strong>,\u00a0<strong>Napachanie<\/strong>,\u00a0<strong>Siekierki Wielkie<\/strong>\u00a0oraz\u00a0<strong>Mrowino<\/strong>. Zapewniamy najwy\u017csz\u0105 jako\u015b\u0107 us\u0142ug, elastyczno\u015b\u0107 i konkurencyjne ceny.<\/p>\n\n\n\n<h3 class=\"wp-block-heading has-text-align-center has-black-color has-text-color has-link-color wp-elements-dcebe1a80ab94a728cda48f78ebf5a47\"><strong>Profesjonalne Mycie Okien w Rokietnicy i Okolicach<\/strong><\/h3>\n\n\n\n<p class=\"has-black-color has-text-color has-link-color wp-elements-0573fbe86f592d7952cabcd2217e4fec\">Mycie okien to us\u0142uga, kt\u00f3ra wymaga precyzji, odpowiednich narz\u0119dzi i do\u015bwiadczenia. Nasza firma sprz\u0105taj\u0105ca w Rokietnicy oferuje kompleksowe mycie okien, kt\u00f3re przywraca im blask i przejrzysto\u015b\u0107. Wykorzystujemy profesjonalne \u015brodki czysto\u015bci oraz nowoczesne metody, takie jak mycie na wysoko\u015bciach czy czyszczenie szyb za pomoc\u0105 wody dejonizowanej. Dzia\u0142amy nie tylko w Rokietnicy, ale r\u00f3wnie\u017c w pobliskich miejscowo\u015bciach, takich jak\u00a0Kiekrz, <strong>Prze\u017amierowo<\/strong>\u00a0czy\u00a0<strong>Lusowo<\/strong>. Z nami Twoje okna b\u0119d\u0105 l\u015bni\u0107 czysto\u015bci\u0105! <strong>Firma sprz\u0105taj\u0105ca Rokietnica<\/strong><\/p>\n\n\n\n<h2 class=\"wp-block-heading has-text-align-center\"><strong>Sprz\u0105tanie Biur \u2013 Komfort i Profesjonalizm Rokietnica i okolice<\/strong><\/h2>\n\n\n\n<p class=\"has-black-color has-text-color has-link-color wp-elements-4d9a3b93d5337530d240821d6d089935\">Czyste i zadbane biuro to wizyt\u00f3wka ka\u017cdej firmy. Nasza firma sprz\u0105taj\u0105ca w Rokietnicy oferuje kompleksowe sprz\u0105tanie biur, kt\u00f3re obejmuje:<\/p>\n\n\n\n<ul class=\"wp-block-list\">\n<li class=\"has-black-color has-text-color has-link-color wp-elements-16df9bceb480c23ec9bc18295738b7c9\">odkurzanie i mycie pod\u0142\u00f3g,<\/li>\n\n\n\n<li class=\"has-black-color has-text-color has-link-color wp-elements-2d0c7ec4eddf8bed8492b68dd1978106\">czyszczenie mebli biurowych,<\/li>\n\n\n\n<li class=\"has-black-color has-text-color has-link-color wp-elements-10f2ec67210c362a2d4db961a2470ab5\">dezynfekcj\u0119 powierzchni wsp\u00f3lnych,<\/li>\n\n\n\n<li class=\"has-black-color has-text-color has-link-color wp-elements-37296433dbdfca985b0228fdb19ec831\">opr\u00f3\u017cnianie koszy na \u015bmieci,<\/li>\n<\/ul>\n\n\n\n<p class=\"has-black-color has-text-color has-link-color wp-elements-afed36a63a79841d1a255c3bf3d9509a\">Dzia\u0142amy r\u00f3wnie\u017c w okolicznych miejscowo\u015bciach, takich jak&nbsp;<strong>Chludowo<\/strong>,&nbsp;<strong>Biedrusko<\/strong>&nbsp;czy&nbsp;<strong>Napachanie<\/strong>, zapewniaj\u0105c regularne i rzetelne us\u0142ugi dostosowane do potrzeb Twojej firmy.<\/p>\n\n\n\n<h2 class=\"wp-block-heading has-text-align-center has-black-color has-text-color has-link-color wp-elements-7d7b462402bbcc851dc969845e16e621\"><strong>Sprz\u0105tanie po Budowie i Remoncie, Rokietnica, Kiekrz \u2013 Przywracamy Porz\u0105dek<\/strong><\/h2>\n\n\n\n<p class=\"has-black-color has-text-color has-link-color wp-elements-494f8c11090389ef2e6bf1935e1f3e45\">Remont lub budowa to zawsze spore wyzwanie, a sprz\u0105tanie po takich pracach wymaga specjalistycznego podej\u015bcia. Nasza firma sprz\u0105taj\u0105ca w Rokietnicy oferuje profesjonalne sprz\u0105tanie po budowie i remoncie, kt\u00f3re obejmuje:<\/p>\n\n\n\n<ul class=\"wp-block-list\">\n<li class=\"has-black-color has-text-color has-link-color wp-elements-0f995a2e8f5cd30d12a8f5962d2e9bed\">usuwanie py\u0142u i resztek materia\u0142\u00f3w budowlanych,<\/li>\n\n\n\n<li class=\"has-black-color has-text-color has-link-color wp-elements-c392cd55bdf36724cd104a331e85b4e1\">czyszczenie pod\u0142\u00f3g, \u015bcian i sufit\u00f3w,<\/li>\n\n\n\n<li class=\"has-black-color has-text-color has-link-color wp-elements-bc76605a211a778670a33e899aeb1388\">mycie okien i framug,<\/li>\n\n\n\n<li class=\"has-black-color has-text-color has-link-color wp-elements-10a93f0f88d5ed9adea11c3e17671edd\">odkurzanie i czyszczenie mebli,<\/li>\n\n\n\n<li class=\"has-black-color has-text-color has-link-color wp-elements-4c2dfff940e6f47049ac092d4d3003bd\">usuwanie zabrudze\u0144 z p\u0142ytek i fug.<\/li>\n<\/ul>\n\n\n\n<p class=\"has-black-color has-text-color has-link-color wp-elements-16961bc849aecdbd9fc915591554c5d8\">Dzia\u0142amy r\u00f3wnie\u017c w miejscowo\u015bciach takich jak&nbsp;<strong>Siekierki Wielkie<\/strong>,&nbsp;<strong>Mrowino<\/strong>&nbsp;czy&nbsp;<strong>Prze\u017amierowo<\/strong>, zapewniaj\u0105c kompleksow\u0105 obs\u0142ug\u0119 i przywracaj\u0105c porz\u0105dek w Twoim domu lub firmie.<\/p>\n\n\n\n<h3 class=\"wp-block-heading has-black-color has-text-color has-link-color wp-elements-c9f8ae30d3ae4b0db058e34296120f27\"><strong>Dlaczego Warto Wybra\u0107 Nasz\u0105 Firm\u0119 Sprz\u0105taj\u0105c\u0105?<\/strong><\/h3>\n\n\n\n<ol start=\"1\" class=\"wp-block-list\">\n<li class=\"has-black-color has-text-color has-link-color wp-elements-1c90aae8837949e3eae830934e38af29\"><strong>Lokalne Do\u015bwiadczenie<\/strong>: Dzia\u0142amy w Rokietnicy i okolicach od ponad 13 lat<\/li>\n\n\n\n<li class=\"has-black-color has-text-color has-link-color wp-elements-b2d295e09968d8850d8aa26d97737b70\"><strong>Szeroki Zakres Us\u0142ug<\/strong>: Oferujemy mycie okien, sprz\u0105tanie biur oraz sprz\u0105tanie po budowie i remoncie.<\/li>\n\n\n\n<li class=\"has-black-color has-text-color has-link-color wp-elements-1d31ccce33452891da528f9438a0cdf8\"><strong>Elastyczno\u015b\u0107 i Terminowo\u015b\u0107<\/strong>: Dostosowujemy si\u0119 do harmonogramu naszych klient\u00f3w<\/li>\n\n\n\n<li>Miejscowo\u015bci us\u0142ug sprz\u0105taj\u0105cych takie jak: <strong>Podg\u00f3rne<\/strong>,\u00a0<strong>Prze\u017amierowo<\/strong>,\u00a0<strong>Lusowo<\/strong>,\u00a0<strong>Chludowo<\/strong>,\u00a0<strong>Biedrusko<\/strong>,\u00a0<strong>Napachanie<\/strong>,\u00a0<strong>Siekierki Wielkie<\/strong>\u00a0i\u00a0<strong>Mrowino<\/strong>.<\/li>\n\n\n\n<li class=\"has-black-color has-text-color has-link-color wp-elements-11f7127aed798608e7ebea56704f7670\"><strong>Profesjonalny Sprz\u0119t i <a href=\"http:\/\/clinex.com.pl\" target=\"_blank\" rel=\"noreferrer noopener\">\u015arodki Czysto\u015bci<\/a><\/strong>: Wykorzystujemy nowoczesne narz\u0119dzia i ekologiczne \u015brodki, kt\u00f3re s\u0105 bezpieczne dla Ciebie i \u015brodowiska.<\/li>\n\n\n\n<li class=\"has-black-color has-text-color has-link-color wp-elements-ad8adac56c4169517360840c04a9c388\"><strong>Atrakcyjne Ceny<\/strong>: Oferujemy super ceny na ka\u017cd\u0105 kiesze\u0144 za us\u0142ugi najwy\u017cszej jako\u015bci.<\/li>\n<\/ol>\n\n\n<div class=\"wp-block-image is-style-rounded\">\n<figure class=\"aligncenter size-large is-resized\"><img loading=\"lazy\" decoding=\"async\" width=\"576\" height=\"1024\" src=\"https:\/\/hofre.pl\/wp-content\/uploads\/2024\/09\/IMG-20240905-WA0003-576x1024.jpg\" alt=\"Mycie okien Rokietnica\" class=\"wp-image-1311\" style=\"width:174px;height:auto\" srcset=\"https:\/\/hofre.pl\/wp-content\/uploads\/2024\/09\/IMG-20240905-WA0003-576x1024.jpg 576w, https:\/\/hofre.pl\/wp-content\/uploads\/2024\/09\/IMG-20240905-WA0003-169x300.jpg 169w, https:\/\/hofre.pl\/wp-content\/uploads\/2024\/09\/IMG-20240905-WA0003-768x1366.jpg 768w, https:\/\/hofre.pl\/wp-content\/uploads\/2024\/09\/IMG-20240905-WA0003-864x1536.jpg 864w, https:\/\/hofre.pl\/wp-content\/uploads\/2024\/09\/IMG-20240905-WA0003.jpg 899w\" sizes=\"auto, (max-width: 576px) 100vw, 576px\" \/><\/figure>\n<\/div>\n\n\n<p class=\"has-black-color has-text-color has-link-color wp-elements-bd1915095ef27ead0444e5e0c7e59079\">Dzi\u0119ki naszym us\u0142ugom Twoje okna b\u0119d\u0105 zawsze czyste, co poprawi estetyk\u0119 wn\u0119trza oraz komfort pracy.<\/p>\n\n\n\n<h3 class=\"wp-block-heading\"><strong>Obs\u0142ugiwane Lokalizacje<\/strong><\/h3>\n\n\n\n<p class=\"has-black-color has-text-color has-link-color wp-elements-d40bafa711d97ed861d81787698a9f2c\">\u015awiadczymy <strong>us\u0142ugi sprz\u0105taj\u0105ce na terenie Rokietnicy oraz okolicznych miejscowo\u015bci<\/strong>, takich jak:<\/p>\n\n\n\n<ul class=\"wp-block-list\">\n<li class=\"has-black-color has-text-color has-link-color wp-elements-5561da69d2a42f53d78bfda17784a2d3\"><strong>Kiekrz<\/strong> \u2013 sprz\u0105tanie biur i lokali handlowych, Firma sprz\u0105taj\u0105ca Kiekrz<\/li>\n\n\n\n<li class=\"has-black-color has-text-color has-link-color wp-elements-8f142fa6a4b0f0800204a76baae09c23\"><strong>Napachanie<\/strong> \u2013 kompleksowe czyszczenie powierzchni u\u017cytkowych,<\/li>\n\n\n\n<li class=\"has-black-color has-text-color has-link-color wp-elements-5d5647132dead656d80af02742648607\"><strong>Mrowino<\/strong> \u2013 dezynfekcja pomieszcze\u0144 biurowych,<\/li>\n\n\n\n<li class=\"has-black-color has-text-color has-link-color wp-elements-cb52160dca1e70dbb5aa4e1002202800\"><strong>Krzyszkowo<\/strong> \u2013 mycie okien i elewacji,<\/li>\n\n\n\n<li class=\"has-black-color has-text-color has-link-color wp-elements-26edad3569c3a85dbe2544819b8889cd\"><strong>Bytkowo<\/strong> \u2013 serwis sprz\u0105taj\u0105cy dla firm i hoteli,<\/li>\n\n\n\n<li class=\"has-black-color has-text-color has-link-color wp-elements-30f45d264993f65cf1e7b794b49c5ff3\"><strong>Cerekwica<\/strong> \u2013 profesjonalne sprz\u0105tanie biur i obiekt\u00f3w przemys\u0142owych.<\/li>\n<\/ul>\n\n\n\n<h3 class=\"wp-block-heading\"><a href=\"https:\/\/hofre.pl\/index.php\/firma-sprzatajaca-poznan-kontakt\/\"><strong>Skontaktuj Si\u0119 z Nami ju\u017c teraz<\/strong><\/a><\/h3>\n\n\n\n<p class=\"has-black-color has-text-color has-link-color wp-elements-f97fb45695266173ee624b9c059459ca\">Je\u015bli szukasz rzetelnej i do\u015bwiadczonej firmy sprz\u0105taj\u0105cej w Rokietnicy, skontaktuj si\u0119 z nami ju\u017c dzi\u015b! Oferujemy <strong>profesjonalne sprz\u0105tanie biur, magazyn\u00f3w, lokali us\u0142ugowych, szk\u00f3\u0142, restauracji i hoteli<\/strong>. Dzi\u0119ki naszej elastyczno\u015bci mo\u017cemy dostosowa\u0107 ofert\u0119 do Twoich potrzeb. Firma sprz\u0105taj\u0105ca Rokietnica<\/p>\n\n\n\n<p class=\"has-black-color has-text-color has-link-color wp-elements-6732f39e2e7297a5b5589010eec79fca\"><strong>Zapraszamy do wsp\u00f3\u0142pracy \u2013 gwarantujemy najwy\u017csz\u0105 jako\u015b\u0107 us\u0142ug sprz\u0105taj\u0105cych w Rokietnicy i okolicach!<\/strong><\/p>\n\n\n<div class=\"wp-block-image is-style-rounded\">\n<figure class=\"aligncenter size-large is-resized\"><img loading=\"lazy\" decoding=\"async\" width=\"1024\" height=\"576\" src=\"https:\/\/hofre.pl\/wp-content\/uploads\/2024\/09\/IMG-20240905-WA0002-1024x576.jpg\" alt=\"Firma sprz\u0105taj\u0105ca Rokietnica\" class=\"wp-image-1310\" style=\"width:416px;height:auto\" srcset=\"https:\/\/hofre.pl\/wp-content\/uploads\/2024\/09\/IMG-20240905-WA0002-1024x576.jpg 1024w, https:\/\/hofre.pl\/wp-content\/uploads\/2024\/09\/IMG-20240905-WA0002-300x169.jpg 300w, https:\/\/hofre.pl\/wp-content\/uploads\/2024\/09\/IMG-20240905-WA0002-768x432.jpg 768w, https:\/\/hofre.pl\/wp-content\/uploads\/2024\/09\/IMG-20240905-WA0002-1536x864.jpg 1536w, https:\/\/hofre.pl\/wp-content\/uploads\/2024\/09\/IMG-20240905-WA0002.jpg 1599w\" sizes=\"auto, (max-width: 1024px) 100vw, 1024px\" \/><\/figure>\n<\/div>\n\n\n<h3 class=\"wp-block-heading has-text-align-center\"><strong>Rokietnica \u2013 Dynamicznie Rozwijaj\u0105ca Si\u0119 Gmina w Wielkopolsce<\/strong><\/h3>\n\n\n\n<p class=\"has-black-color has-text-color has-link-color wp-elements-d1b3bf4d607d61cc6a4357c23bd27a8f\">Rokietnica to pr\u0119\u017cnie rozwijaj\u0105ca si\u0119 gmina po\u0142o\u017cona w wojew\u00f3dztwie wielkopolskim, tu\u017c przy granicy Poznania. Ze wzgl\u0119du na swoje dogodne po\u0142o\u017cenie, doskona\u0142\u0105 infrastruktur\u0119 oraz rosn\u0105c\u0105 liczb\u0119 mieszka\u0144c\u00f3w, Rokietnica przyci\u0105ga zar\u00f3wno nowych inwestor\u00f3w, jak i osoby poszukuj\u0105ce spokojnego miejsca do \u017cycia. Dynamiczny rozw\u00f3j budownictwa mieszkaniowego oraz sektora biznesowego sprawia, \u017ce zapotrzebowanie na <strong>profesjonalne us\u0142ugi sprz\u0105tania w Rokietnicy<\/strong> stale ro\u015bnie.<\/p>\n\n\n\n<p class=\"has-black-color has-text-color has-link-color wp-elements-38870b343f7e1a702f3a1a679e7ce0d4\">Firma sprz\u0105taj\u0105ca- Rokietnica , Kiekrz, Rogier\u00f3wko, Kobylinki, Napachanie, Dalekie, Przybroda, Cerekwica, Mrowino, Krzyszkowo, \u017bydowo, Rostworowo, Bytkowo, Sobota oraz Paw\u0142owice. Dla wszystkich tych miejscowo\u015bci mamy najlepsz\u0105&nbsp;<a href=\"https:\/\/hofre.pl\/index.php\/firma-sprzatajaca-poznan-cennik\/\" target=\"_blank\" rel=\"noreferrer noopener\">ofert\u0119<\/a> z po\u015br\u00f3d dzia\u0142aj\u0105cych firm sprz\u0105taj\u0105cych w Poznaniu . Dzia\u0142 kontakt oraz my Hofre zapraszamy.<\/p>\n\n\n\n<p><\/p>\n","protected":false},"excerpt":{"rendered":"<p>Profesjonalne Us\u0142ugi Sprz\u0105tania w Rokietnicy i Okolicach Firma sprz\u0105taj\u0105ca Rokietnica Profesjonalne Us\u0142ugi Sprz\u0105taj\u0105ce w Rokietnicy i Najbli\u017cszych Okolicach \u2013 Mycie Okien, Sprz\u0105tanie Biur oraz Sprz\u0105tanie po Budowie i Remoncie Szukasz rzetelnej firmy sprz\u0105taj\u0105cej w Rokietnicy, kt\u00f3ra zapewni kompleksow\u0105 obs\u0142ug\u0119 w promieniu do 10 km od miasta? Nasza firma to idealne rozwi\u0105zanie dla Ciebie! Specjalizujemy si\u0119 [&hellip;]<\/p>\n","protected":false},"author":1,"featured_media":0,"parent":0,"menu_order":0,"comment_status":"closed","ping_status":"closed","template":"","meta":{"footnotes":""},"class_list":["post-1654","page","type-page","status-publish","hentry"],"yoast_head":"<!-- This site is optimized with the Yoast SEO plugin v27.4 - https:\/\/yoast.com\/product\/yoast-seo-wordpress\/ -->\n<title>Firma sprz\u0105taj\u0105ca Rokietnica - Hofre.pl<\/title>\n<meta name=\"robots\" content=\"index, follow, max-snippet:-1, max-image-preview:large, max-video-preview:-1\" \/>\n<link rel=\"canonical\" href=\"https:\/\/hofre.pl\/index.php\/firma-sprzatajaca-rokietnica\/\" \/>\n<meta property=\"og:locale\" content=\"en_US\" \/>\n<meta property=\"og:type\" content=\"article\" \/>\n<meta property=\"og:title\" content=\"Firma sprz\u0105taj\u0105ca Rokietnica - Hofre.pl\" \/>\n<meta property=\"og:description\" content=\"Profesjonalne Us\u0142ugi Sprz\u0105tania w Rokietnicy i Okolicach Firma sprz\u0105taj\u0105ca Rokietnica Profesjonalne Us\u0142ugi Sprz\u0105taj\u0105ce w Rokietnicy i Najbli\u017cszych Okolicach \u2013 Mycie Okien, Sprz\u0105tanie Biur oraz Sprz\u0105tanie po Budowie i Remoncie Szukasz rzetelnej firmy sprz\u0105taj\u0105cej w Rokietnicy, kt\u00f3ra zapewni kompleksow\u0105 obs\u0142ug\u0119 w promieniu do 10 km od miasta? Nasza firma to idealne rozwi\u0105zanie dla Ciebie! Specjalizujemy si\u0119 [&hellip;]\" \/>\n<meta property=\"og:url\" content=\"https:\/\/hofre.pl\/index.php\/firma-sprzatajaca-rokietnica\/\" \/>\n<meta property=\"article:publisher\" content=\"https:\/\/www.facebook.com\/profile.php?id=100088584422656\" \/>\n<meta property=\"article:modified_time\" content=\"2025-03-11T13:31:08+00:00\" \/>\n<meta property=\"og:image\" content=\"https:\/\/hofre.pl\/wp-content\/uploads\/2024\/09\/IMG-20240905-WA0003.jpg\" \/>\n\t<meta property=\"og:image:width\" content=\"899\" \/>\n\t<meta property=\"og:image:height\" content=\"1599\" \/>\n\t<meta property=\"og:image:type\" content=\"image\/jpeg\" \/>\n<meta name=\"twitter:card\" content=\"summary_large_image\" \/>\n<meta name=\"twitter:label1\" content=\"Est. reading time\" \/>\n\t<meta name=\"twitter:data1\" content=\"4 minutes\" \/>\n<script type=\"application\/ld+json\" class=\"yoast-schema-graph\">{\"@context\":\"https:\\\/\\\/schema.org\",\"@graph\":[{\"@type\":\"WebPage\",\"@id\":\"https:\\\/\\\/hofre.pl\\\/index.php\\\/firma-sprzatajaca-rokietnica\\\/\",\"url\":\"https:\\\/\\\/hofre.pl\\\/index.php\\\/firma-sprzatajaca-rokietnica\\\/\",\"name\":\"Firma sprz\u0105taj\u0105ca Rokietnica - Hofre.pl\",\"isPartOf\":{\"@id\":\"https:\\\/\\\/hofre.pl\\\/#website\"},\"primaryImageOfPage\":{\"@id\":\"https:\\\/\\\/hofre.pl\\\/index.php\\\/firma-sprzatajaca-rokietnica\\\/#primaryimage\"},\"image\":{\"@id\":\"https:\\\/\\\/hofre.pl\\\/index.php\\\/firma-sprzatajaca-rokietnica\\\/#primaryimage\"},\"thumbnailUrl\":\"https:\\\/\\\/hofre.pl\\\/wp-content\\\/uploads\\\/2024\\\/09\\\/IMG-20240905-WA0003-576x1024.jpg\",\"datePublished\":\"2025-03-11T12:03:17+00:00\",\"dateModified\":\"2025-03-11T13:31:08+00:00\",\"breadcrumb\":{\"@id\":\"https:\\\/\\\/hofre.pl\\\/index.php\\\/firma-sprzatajaca-rokietnica\\\/#breadcrumb\"},\"inLanguage\":\"en-US\",\"potentialAction\":[{\"@type\":\"ReadAction\",\"target\":[\"https:\\\/\\\/hofre.pl\\\/index.php\\\/firma-sprzatajaca-rokietnica\\\/\"]}]},{\"@type\":\"ImageObject\",\"inLanguage\":\"en-US\",\"@id\":\"https:\\\/\\\/hofre.pl\\\/index.php\\\/firma-sprzatajaca-rokietnica\\\/#primaryimage\",\"url\":\"https:\\\/\\\/hofre.pl\\\/wp-content\\\/uploads\\\/2024\\\/09\\\/IMG-20240905-WA0003.jpg\",\"contentUrl\":\"https:\\\/\\\/hofre.pl\\\/wp-content\\\/uploads\\\/2024\\\/09\\\/IMG-20240905-WA0003.jpg\",\"width\":899,\"height\":1599,\"caption\":\"Mycie okien Rokietnica\"},{\"@type\":\"BreadcrumbList\",\"@id\":\"https:\\\/\\\/hofre.pl\\\/index.php\\\/firma-sprzatajaca-rokietnica\\\/#breadcrumb\",\"itemListElement\":[{\"@type\":\"ListItem\",\"position\":1,\"name\":\"Strona g\u0142\u00f3wna\",\"item\":\"https:\\\/\\\/hofre.pl\\\/\"},{\"@type\":\"ListItem\",\"position\":2,\"name\":\"Firma sprz\u0105taj\u0105ca Rokietnica\"}]},{\"@type\":\"WebSite\",\"@id\":\"https:\\\/\\\/hofre.pl\\\/#website\",\"url\":\"https:\\\/\\\/hofre.pl\\\/\",\"name\":\"Firma sprz\u0105taj\u0105ca Pozna\u0144 Hofre\",\"description\":\"\",\"publisher\":{\"@id\":\"https:\\\/\\\/hofre.pl\\\/#organization\"},\"alternateName\":\"Firma sprz\u0105taj\u0105ca z Poznania\",\"potentialAction\":[{\"@type\":\"SearchAction\",\"target\":{\"@type\":\"EntryPoint\",\"urlTemplate\":\"https:\\\/\\\/hofre.pl\\\/?s={search_term_string}\"},\"query-input\":{\"@type\":\"PropertyValueSpecification\",\"valueRequired\":true,\"valueName\":\"search_term_string\"}}],\"inLanguage\":\"en-US\"},{\"@type\":\"Organization\",\"@id\":\"https:\\\/\\\/hofre.pl\\\/#organization\",\"name\":\"Firma sprz\u0105taj\u0105ca Pozna\u0144 Hofre\",\"url\":\"https:\\\/\\\/hofre.pl\\\/\",\"logo\":{\"@type\":\"ImageObject\",\"inLanguage\":\"en-US\",\"@id\":\"https:\\\/\\\/hofre.pl\\\/#\\\/schema\\\/logo\\\/image\\\/\",\"url\":\"https:\\\/\\\/hofre.pl\\\/wp-content\\\/uploads\\\/2023\\\/02\\\/cropped-Hofre-Poznan-logo.jpg\",\"contentUrl\":\"https:\\\/\\\/hofre.pl\\\/wp-content\\\/uploads\\\/2023\\\/02\\\/cropped-Hofre-Poznan-logo.jpg\",\"width\":825,\"height\":250,\"caption\":\"Firma sprz\u0105taj\u0105ca Pozna\u0144 Hofre\"},\"image\":{\"@id\":\"https:\\\/\\\/hofre.pl\\\/#\\\/schema\\\/logo\\\/image\\\/\"},\"sameAs\":[\"https:\\\/\\\/www.facebook.com\\\/profile.php?id=100088584422656\",\"https:\\\/\\\/www.instagram.com\\\/firma_sprzatajaca_poznan_hofre\\\/\"]}]}<\/script>\n<!-- \/ Yoast SEO plugin. -->","yoast_head_json":{"title":"Firma sprz\u0105taj\u0105ca Rokietnica - Hofre.pl","robots":{"index":"index","follow":"follow","max-snippet":"max-snippet:-1","max-image-preview":"max-image-preview:large","max-video-preview":"max-video-preview:-1"},"canonical":"https:\/\/hofre.pl\/index.php\/firma-sprzatajaca-rokietnica\/","og_locale":"en_US","og_type":"article","og_title":"Firma sprz\u0105taj\u0105ca Rokietnica - Hofre.pl","og_description":"Profesjonalne Us\u0142ugi Sprz\u0105tania w Rokietnicy i Okolicach Firma sprz\u0105taj\u0105ca Rokietnica Profesjonalne Us\u0142ugi Sprz\u0105taj\u0105ce w Rokietnicy i Najbli\u017cszych Okolicach \u2013 Mycie Okien, Sprz\u0105tanie Biur oraz Sprz\u0105tanie po Budowie i Remoncie Szukasz rzetelnej firmy sprz\u0105taj\u0105cej w Rokietnicy, kt\u00f3ra zapewni kompleksow\u0105 obs\u0142ug\u0119 w promieniu do 10 km od miasta? Nasza firma to idealne rozwi\u0105zanie dla Ciebie! Specjalizujemy si\u0119 [&hellip;]","og_url":"https:\/\/hofre.pl\/index.php\/firma-sprzatajaca-rokietnica\/","article_publisher":"https:\/\/www.facebook.com\/profile.php?id=100088584422656","article_modified_time":"2025-03-11T13:31:08+00:00","og_image":[{"width":899,"height":1599,"url":"https:\/\/hofre.pl\/wp-content\/uploads\/2024\/09\/IMG-20240905-WA0003.jpg","type":"image\/jpeg"}],"twitter_card":"summary_large_image","twitter_misc":{"Est. reading time":"4 minutes"},"schema":{"@context":"https:\/\/schema.org","@graph":[{"@type":"WebPage","@id":"https:\/\/hofre.pl\/index.php\/firma-sprzatajaca-rokietnica\/","url":"https:\/\/hofre.pl\/index.php\/firma-sprzatajaca-rokietnica\/","name":"Firma sprz\u0105taj\u0105ca Rokietnica - Hofre.pl","isPartOf":{"@id":"https:\/\/hofre.pl\/#website"},"primaryImageOfPage":{"@id":"https:\/\/hofre.pl\/index.php\/firma-sprzatajaca-rokietnica\/#primaryimage"},"image":{"@id":"https:\/\/hofre.pl\/index.php\/firma-sprzatajaca-rokietnica\/#primaryimage"},"thumbnailUrl":"https:\/\/hofre.pl\/wp-content\/uploads\/2024\/09\/IMG-20240905-WA0003-576x1024.jpg","datePublished":"2025-03-11T12:03:17+00:00","dateModified":"2025-03-11T13:31:08+00:00","breadcrumb":{"@id":"https:\/\/hofre.pl\/index.php\/firma-sprzatajaca-rokietnica\/#breadcrumb"},"inLanguage":"en-US","potentialAction":[{"@type":"ReadAction","target":["https:\/\/hofre.pl\/index.php\/firma-sprzatajaca-rokietnica\/"]}]},{"@type":"ImageObject","inLanguage":"en-US","@id":"https:\/\/hofre.pl\/index.php\/firma-sprzatajaca-rokietnica\/#primaryimage","url":"https:\/\/hofre.pl\/wp-content\/uploads\/2024\/09\/IMG-20240905-WA0003.jpg","contentUrl":"https:\/\/hofre.pl\/wp-content\/uploads\/2024\/09\/IMG-20240905-WA0003.jpg","width":899,"height":1599,"caption":"Mycie okien Rokietnica"},{"@type":"BreadcrumbList","@id":"https:\/\/hofre.pl\/index.php\/firma-sprzatajaca-rokietnica\/#breadcrumb","itemListElement":[{"@type":"ListItem","position":1,"name":"Strona g\u0142\u00f3wna","item":"https:\/\/hofre.pl\/"},{"@type":"ListItem","position":2,"name":"Firma sprz\u0105taj\u0105ca Rokietnica"}]},{"@type":"WebSite","@id":"https:\/\/hofre.pl\/#website","url":"https:\/\/hofre.pl\/","name":"Firma sprz\u0105taj\u0105ca Pozna\u0144 Hofre","description":"","publisher":{"@id":"https:\/\/hofre.pl\/#organization"},"alternateName":"Firma sprz\u0105taj\u0105ca z Poznania","potentialAction":[{"@type":"SearchAction","target":{"@type":"EntryPoint","urlTemplate":"https:\/\/hofre.pl\/?s={search_term_string}"},"query-input":{"@type":"PropertyValueSpecification","valueRequired":true,"valueName":"search_term_string"}}],"inLanguage":"en-US"},{"@type":"Organization","@id":"https:\/\/hofre.pl\/#organization","name":"Firma sprz\u0105taj\u0105ca Pozna\u0144 Hofre","url":"https:\/\/hofre.pl\/","logo":{"@type":"ImageObject","inLanguage":"en-US","@id":"https:\/\/hofre.pl\/#\/schema\/logo\/image\/","url":"https:\/\/hofre.pl\/wp-content\/uploads\/2023\/02\/cropped-Hofre-Poznan-logo.jpg","contentUrl":"https:\/\/hofre.pl\/wp-content\/uploads\/2023\/02\/cropped-Hofre-Poznan-logo.jpg","width":825,"height":250,"caption":"Firma sprz\u0105taj\u0105ca Pozna\u0144 Hofre"},"image":{"@id":"https:\/\/hofre.pl\/#\/schema\/logo\/image\/"},"sameAs":["https:\/\/www.facebook.com\/profile.php?id=100088584422656","https:\/\/www.instagram.com\/firma_sprzatajaca_poznan_hofre\/"]}]}},"jetpack_sharing_enabled":true,"_links":{"self":[{"href":"https:\/\/hofre.pl\/index.php\/wp-json\/wp\/v2\/pages\/1654","targetHints":{"allow":["GET"]}}],"collection":[{"href":"https:\/\/hofre.pl\/index.php\/wp-json\/wp\/v2\/pages"}],"about":[{"href":"https:\/\/hofre.pl\/index.php\/wp-json\/wp\/v2\/types\/page"}],"author":[{"embeddable":true,"href":"https:\/\/hofre.pl\/index.php\/wp-json\/wp\/v2\/users\/1"}],"replies":[{"embeddable":true,"href":"https:\/\/hofre.pl\/index.php\/wp-json\/wp\/v2\/comments?post=1654"}],"version-history":[{"count":13,"href":"https:\/\/hofre.pl\/index.php\/wp-json\/wp\/v2\/pages\/1654\/revisions"}],"predecessor-version":[{"id":1683,"href":"https:\/\/hofre.pl\/index.php\/wp-json\/wp\/v2\/pages\/1654\/revisions\/1683"}],"wp:attachment":[{"href":"https:\/\/hofre.pl\/index.php\/wp-json\/wp\/v2\/media?parent=1654"}],"curies":[{"name":"wp","href":"https:\/\/api.w.org\/{rel}","templated":true}]}}