{"id":1107,"date":"2023-04-01T19:44:47","date_gmt":"2023-04-01T19:44:47","guid":{"rendered":"https:\/\/hofre.pl\/?page_id=1107"},"modified":"2024-11-26T11:11:35","modified_gmt":"2024-11-26T11:11:35","slug":"firma-sprzatajaca-dabrowka","status":"publish","type":"page","link":"https:\/\/hofre.pl\/index.php\/firma-sprzatajaca-dabrowka\/","title":{"rendered":"D\u0105br\u00f3wka"},"content":{"rendered":"\n<h1 class=\"wp-block-heading has-text-align-center has-black-color has-text-color has-link-color wp-elements-4243147bd41a6922843b0c0a256b8839\"><strong>Firma sprz\u0105taj\u0105ca D\u0105br\u00f3wka<\/strong><\/h1>\n\n\n\n<p><\/p>\n\n\n\n<p class=\"has-black-color has-text-color\">D\u0105br\u00f3wka to niewielka miejscowo\u015b\u0107 po\u0142o\u017cona w powiecie pozna\u0144skim, w wojew\u00f3dztwie wielkopolskim, w centralnej cz\u0119\u015bci Polski. Liczba ludno\u015bci wynosi oko\u0142o 5000 os\u00f3b.<\/p>\n\n\n\n<p class=\"has-black-color has-text-color\">Miejscowo\u015b\u0107 po\u0142o\u017cona jest w\u015br\u00f3d malowniczych krajobraz\u00f3w Wielkopolski, w s\u0105siedztwie las\u00f3w i p\u00f3l uprawnych. Charakterystyczne dla okolicy s\u0105 pi\u0119kne jeziora oraz liczne \u015bcie\u017cki rowerowe i piesze, zach\u0119caj\u0105ce do aktywnego wypoczynku na \u0142onie natury. D\u0105br\u00f3wka jest idealnym miejscem dla os\u00f3b szukaj\u0105cych spokoju i ciszy, z dala od miejskiego zgie\u0142ku. <\/p>\n\n\n\n<p><\/p>\n\n\n\n<h2 class=\"wp-block-heading has-text-align-center\"><strong>Us\u0142ugi firmy sprz\u0105taj\u0105cej z Poznania dla miasta D\u0105br\u00f3wka<\/strong><\/h2>\n\n\n\n<p><\/p>\n\n\n\n<p class=\"has-black-color has-text-color\">Hofre to prawdziwi specjali\u015bci w swoim fachu &#8211; potrafi\u0105 zrobi\u0107 porz\u0105dek z ka\u017cdym ba\u0142aganem.<\/p>\n\n\n\n<p class=\"has-black-color has-text-color\">Zadzwo\u0144 do nas w sprawie zam\u00f3wienia us\u0142ugi, zawsze odbierzemy telefon z u\u015bmiechem na twarzy. Podobno zamiast &#8220;Dzie\u0144 dobry, <strong>firma sprz\u0105taj\u0105ca D\u0105br\u00f3wka<\/strong>, w czym mo\u017cemy pom\u00f3c?&#8221; odpowiadamy &#8220;Witaj w centrali CIA, agent 007, w czym mo\u017cemy Ci pom\u00f3c?&#8221;. \u0141agodzimy atmosfer\u0119 ju\u017c na samym pocz\u0105tku.<\/p>\n\n\n\n<p class=\"has-black-color has-text-color\">Gdy przychodzi do samej <a href=\"https:\/\/hofre.pl\/index.php\/uslugi-sprzatajace-w-poznaniu\/\" target=\"_blank\" rel=\"noreferrer noopener\">us\u0142ugi<\/a>, to ta Hofre daje z siebie wszystko. Nie ma dla nas rzeczy niemo\u017cliwych &#8211; czy to chodzi o <strong>sprz\u0105tanie dom\u00f3w, biur i mieszka\u0144 na myciu okien<\/strong> <strong>D\u0105br\u00f3wka<\/strong> zawsze znajdujemy spos\u00f3b na uporanie si\u0119 z ka\u017cdym wyzwaniem. Przy tym zawsze weso\u0142o rozmawiamy z klientami, \u017cartujemy i u\u015bmiechamy si\u0119, dzi\u0119ki czemu nawet sprz\u0105tanie staje si\u0119 przyjemno\u015bci\u0105.<\/p>\n\n\n\n<p class=\"has-black-color has-text-color\">Firma sprz\u0105taj\u0105ca D\u0105br\u00f3wka oraz okolice gminy Dopiewo, D\u0105browa, Pal\u0119dzie, Go\u0142uski, Dopiewiec, Konarzewo, Trzcielin, Joanka, Podgaj, Lis\u00f3wki, Zbor\u00f3wko, Zbor\u00f3w, Fa\u0142kowo, Wi\u0119ckowice, Drw\u0119sa, Pokrzywnica<\/p>\n\n\n\n<p class=\"has-black-color has-text-color\">\u015awiadczymy dla was us\u0142ugi takie jak : <\/p>\n\n\n\n<ul class=\"wp-block-list\">\n<li><a href=\"https:\/\/hofre.pl\/index.php\/firma-sprzatajaca-biura-poznan\/\" target=\"_blank\" rel=\"noreferrer noopener\">Sprz\u0105tanie biur<\/a> <strong>D\u0105br\u00f3wka<\/strong><\/li>\n\n\n\n<li><a href=\"https:\/\/hofre.pl\/index.php\/firma-sprzatajaca-domy-poznan\/\">Sprz\u0105tanie mieszka\u0144 i dom\u00f3w<\/a> <strong>D\u0105br\u00f3wka<\/strong><\/li>\n\n\n\n<li><a href=\"https:\/\/hofre.pl\/index.php\/mycie-okien-poznan\/\" target=\"_blank\" rel=\"noreferrer noopener\">Mycie okien, mycie okien po budowie<\/a> <strong>D\u0105br\u00f3wka<\/strong><\/li>\n\n\n\n<li>Sprz\u0105tanie po budowie, remoncie <strong>D\u0105br\u00f3wka<\/strong><\/li>\n\n\n\n<li><a href=\"https:\/\/hofre.pl\/index.php\/uslugi-sprzatajace-w-poznaniu\/\">Inne us\u0142ugi sprz\u0105taj\u0105ce<\/a> <strong>D\u0105br\u00f3wka<\/strong><\/li>\n<\/ul>\n\n\n<div class=\"wp-block-image is-style-rounded\">\n<figure class=\"aligncenter size-large is-resized\"><img loading=\"lazy\" decoding=\"async\" width=\"1024\" height=\"576\" src=\"https:\/\/hofre.pl\/wp-content\/uploads\/2023\/05\/20230317_090921-1024x576.jpg\" alt=\"Firma sprz\u0105taj\u0105ca D\u0105br\u00f3wka\" class=\"wp-image-1215\" style=\"width:512px;height:288px\" srcset=\"https:\/\/hofre.pl\/wp-content\/uploads\/2023\/05\/20230317_090921-1024x576.jpg 1024w, https:\/\/hofre.pl\/wp-content\/uploads\/2023\/05\/20230317_090921-300x169.jpg 300w, https:\/\/hofre.pl\/wp-content\/uploads\/2023\/05\/20230317_090921-768x432.jpg 768w, https:\/\/hofre.pl\/wp-content\/uploads\/2023\/05\/20230317_090921-1536x864.jpg 1536w, https:\/\/hofre.pl\/wp-content\/uploads\/2023\/05\/20230317_090921-2048x1152.jpg 2048w\" sizes=\"auto, (max-width: 1024px) 100vw, 1024px\" \/><\/figure>\n<\/div>\n\n\n<p><\/p>\n\n\n\n<h2 class=\"wp-block-heading has-text-align-center has-black-color has-text-color has-link-color wp-elements-74098a2f9b7ceea40174470377c07488\"><strong>Mycie okien d\u0105br\u00f3wka<\/strong><\/h2>\n\n\n\n<p class=\"has-black-color has-text-color\">Wi\u0119c tak, <strong><a href=\"https:\/\/hofre.pl\/index.php\/mycie-okien-poznan\/\" target=\"_blank\" rel=\"noreferrer noopener\">mycie okien<\/a><\/strong> to jedna z tych prac domowych, kt\u00f3re albo si\u0119 kocha, albo nienawidzi. Nie ma chyba nikogo, kto by\u0142by w po\u0142owie zadowolony z tego, \u017ce musi si\u0119 za to zabra\u0107. Bo na pewno nie jest to \u0142atwa ani przyjemna praca.<\/p>\n\n\n\n<p class=\"has-black-color has-text-color\">Ale z drugiej strony, kiedy ju\u017c ma si\u0119 <strong>l\u015bni\u0105ce i przejrzyste okna<\/strong>, to cz\u0142owiek czuje si\u0119 jak prawdziwy mistrz sprz\u0105tania. Nie ma nic lepszego ni\u017c patrzenie przez <strong>czyste okno na pi\u0119kny widok za oknem<\/strong>.<\/p>\n\n\n\n<p class=\"has-black-color has-text-color\">A co do samej techniki <strong>mycia okien<\/strong>, to na pewno trzeba mie\u0107 odpowiednie narz\u0119dzia, takie jak \u015bci\u0105gaczka, g\u0105bka, <a href=\"http:\/\/www.clinex.com.pl\" target=\"_blank\" rel=\"noreferrer noopener\">p\u0142yn<\/a> do mycia okien i r\u0119cznik papierowy. I nie da si\u0119 ukry\u0107, \u017ce troch\u0119 cierpliwo\u015bci i umiej\u0119tno\u015bci te\u017c nie zaszkodzi.<\/p>\n\n\n\n<p class=\"has-black-color has-text-color\">Ale, jak ju\u017c si\u0119 uda, to cz\u0142owiek czuje si\u0119 spe\u0142niony i zadowolony z efektu swojej pracy. No chyba \u017ce podczas mycia okien nagle zaczyna pada\u0107 deszcz, wtedy to ju\u017c lepiej sobie odpu\u015bci\u0107 i poczeka\u0107 na lepsz\u0105 pogod\u0119.<\/p>\n\n\n\n<p class=\"has-black-color has-text-color\">Podsumowuj\u0105c, mycie okien to nie jest \u0142atwa praca, ale kiedy ju\u017c si\u0119 j\u0105 wykonuje z u\u015bmiechem na twarzy i spe\u0142nieniem w sercu, to efekt ko\u0144cowy jest tego wart. Dlatego je\u015bli nie wiesz nadal jak si\u0119 do tego zabra\u0107 <strong>wymyjemy twoje okna profesjonalnie<\/strong>, bez smug i jakichkolwiek problem\u00f3w.<\/p>\n\n\n\n<p><\/p>\n\n\n<div class=\"wp-block-image is-style-rounded\">\n<figure class=\"aligncenter size-large is-resized\"><img loading=\"lazy\" decoding=\"async\" width=\"1024\" height=\"576\" src=\"https:\/\/hofre.pl\/wp-content\/uploads\/2023\/05\/20230403_142608-1024x576.jpg\" alt=\"Mycie okien d\u0105br\u00f3wka\" class=\"wp-image-1214\" style=\"width:512px;height:288px\" srcset=\"https:\/\/hofre.pl\/wp-content\/uploads\/2023\/05\/20230403_142608-1024x576.jpg 1024w, https:\/\/hofre.pl\/wp-content\/uploads\/2023\/05\/20230403_142608-300x169.jpg 300w, https:\/\/hofre.pl\/wp-content\/uploads\/2023\/05\/20230403_142608-768x432.jpg 768w, https:\/\/hofre.pl\/wp-content\/uploads\/2023\/05\/20230403_142608-1536x864.jpg 1536w, https:\/\/hofre.pl\/wp-content\/uploads\/2023\/05\/20230403_142608-2048x1152.jpg 2048w\" sizes=\"auto, (max-width: 1024px) 100vw, 1024px\" \/><\/figure>\n<\/div>\n\n\n<p><\/p>\n\n\n\n<h3 class=\"wp-block-heading has-text-align-center\"><strong>Firma sprz\u0105taj\u0105ca D\u0105br\u00f3wka <a href=\"https:\/\/hofre.pl\/index.php\/firma-sprzatajaca-poznan-kontakt\/\" target=\"_blank\" rel=\"noreferrer noopener\">kontakt<\/a><\/strong><\/h3>\n\n\n\n<p><\/p>\n\n\n\n<p class=\"has-black-color has-text-color\">Masz zamiar zam\u00f3wi\u0107 <strong><a href=\"https:\/\/hofre.pl\/index.php\/uslugi-sprzatajace-w-poznaniu\/\" target=\"_blank\" rel=\"noreferrer noopener\">us\u0142ugi w mie\u015bcie D\u0105br\u00f3wka<\/a><\/strong> to dobrze trafi\u0142e\u015b \u015bwiadczymy tam us\u0142ugi. Dzia\u0142 kontakt i piszesz e-mail. Dzia\u0142 <a href=\"https:\/\/hofre.pl\/index.php\/firma-sprzatajaca-poznan-cennik\/\" target=\"_blank\" rel=\"noreferrer noopener\">cennik<\/a> i ju\u017c wiesz ile to kosztuje.<\/p>\n\n\n\n<p class=\"has-black-color has-text-color\"><\/p>\n","protected":false},"excerpt":{"rendered":"<p>Firma sprz\u0105taj\u0105ca D\u0105br\u00f3wka D\u0105br\u00f3wka to niewielka miejscowo\u015b\u0107 po\u0142o\u017cona w powiecie pozna\u0144skim, w wojew\u00f3dztwie wielkopolskim, w centralnej cz\u0119\u015bci Polski. Liczba ludno\u015bci wynosi oko\u0142o 5000 os\u00f3b. Miejscowo\u015b\u0107 po\u0142o\u017cona jest w\u015br\u00f3d malowniczych krajobraz\u00f3w Wielkopolski, w s\u0105siedztwie las\u00f3w i p\u00f3l uprawnych. Charakterystyczne dla okolicy s\u0105 pi\u0119kne jeziora oraz liczne \u015bcie\u017cki rowerowe i piesze, zach\u0119caj\u0105ce do aktywnego wypoczynku na \u0142onie [&hellip;]<\/p>\n","protected":false},"author":1,"featured_media":0,"parent":0,"menu_order":0,"comment_status":"closed","ping_status":"closed","template":"","meta":{"footnotes":""},"class_list":["post-1107","page","type-page","status-publish","hentry"],"yoast_head":"<!-- This site is optimized with the Yoast SEO plugin v27.4 - https:\/\/yoast.com\/product\/yoast-seo-wordpress\/ -->\n<title>Firma sprz\u0105taj\u0105ca D\u0105br\u00f3wka - Hofre.pl<\/title>\n<meta name=\"robots\" content=\"index, follow, max-snippet:-1, max-image-preview:large, max-video-preview:-1\" \/>\n<link rel=\"canonical\" href=\"https:\/\/hofre.pl\/index.php\/firma-sprzatajaca-dabrowka\/\" \/>\n<meta property=\"og:locale\" content=\"en_US\" \/>\n<meta property=\"og:type\" content=\"article\" \/>\n<meta property=\"og:title\" content=\"Firma sprz\u0105taj\u0105ca D\u0105br\u00f3wka - Hofre.pl\" \/>\n<meta property=\"og:description\" content=\"Firma sprz\u0105taj\u0105ca D\u0105br\u00f3wka D\u0105br\u00f3wka to niewielka miejscowo\u015b\u0107 po\u0142o\u017cona w powiecie pozna\u0144skim, w wojew\u00f3dztwie wielkopolskim, w centralnej cz\u0119\u015bci Polski. Liczba ludno\u015bci wynosi oko\u0142o 5000 os\u00f3b. Miejscowo\u015b\u0107 po\u0142o\u017cona jest w\u015br\u00f3d malowniczych krajobraz\u00f3w Wielkopolski, w s\u0105siedztwie las\u00f3w i p\u00f3l uprawnych. Charakterystyczne dla okolicy s\u0105 pi\u0119kne jeziora oraz liczne \u015bcie\u017cki rowerowe i piesze, zach\u0119caj\u0105ce do aktywnego wypoczynku na \u0142onie [&hellip;]\" \/>\n<meta property=\"og:url\" content=\"https:\/\/hofre.pl\/index.php\/firma-sprzatajaca-dabrowka\/\" \/>\n<meta property=\"article:publisher\" content=\"https:\/\/www.facebook.com\/profile.php?id=100088584422656\" \/>\n<meta property=\"article:modified_time\" content=\"2024-11-26T11:11:35+00:00\" \/>\n<meta property=\"og:image\" content=\"https:\/\/hofre.pl\/wp-content\/uploads\/2023\/05\/20230317_090921-scaled.jpg\" \/>\n\t<meta property=\"og:image:width\" content=\"2560\" \/>\n\t<meta property=\"og:image:height\" content=\"1440\" \/>\n\t<meta property=\"og:image:type\" content=\"image\/jpeg\" \/>\n<meta name=\"twitter:card\" content=\"summary_large_image\" \/>\n<meta name=\"twitter:label1\" content=\"Est. reading time\" \/>\n\t<meta name=\"twitter:data1\" content=\"3 minutes\" \/>\n<script type=\"application\/ld+json\" class=\"yoast-schema-graph\">{\"@context\":\"https:\\\/\\\/schema.org\",\"@graph\":[{\"@type\":\"WebPage\",\"@id\":\"https:\\\/\\\/hofre.pl\\\/index.php\\\/firma-sprzatajaca-dabrowka\\\/\",\"url\":\"https:\\\/\\\/hofre.pl\\\/index.php\\\/firma-sprzatajaca-dabrowka\\\/\",\"name\":\"Firma sprz\u0105taj\u0105ca D\u0105br\u00f3wka - Hofre.pl\",\"isPartOf\":{\"@id\":\"https:\\\/\\\/hofre.pl\\\/#website\"},\"primaryImageOfPage\":{\"@id\":\"https:\\\/\\\/hofre.pl\\\/index.php\\\/firma-sprzatajaca-dabrowka\\\/#primaryimage\"},\"image\":{\"@id\":\"https:\\\/\\\/hofre.pl\\\/index.php\\\/firma-sprzatajaca-dabrowka\\\/#primaryimage\"},\"thumbnailUrl\":\"https:\\\/\\\/hofre.pl\\\/wp-content\\\/uploads\\\/2023\\\/05\\\/20230317_090921-1024x576.jpg\",\"datePublished\":\"2023-04-01T19:44:47+00:00\",\"dateModified\":\"2024-11-26T11:11:35+00:00\",\"breadcrumb\":{\"@id\":\"https:\\\/\\\/hofre.pl\\\/index.php\\\/firma-sprzatajaca-dabrowka\\\/#breadcrumb\"},\"inLanguage\":\"en-US\",\"potentialAction\":[{\"@type\":\"ReadAction\",\"target\":[\"https:\\\/\\\/hofre.pl\\\/index.php\\\/firma-sprzatajaca-dabrowka\\\/\"]}]},{\"@type\":\"ImageObject\",\"inLanguage\":\"en-US\",\"@id\":\"https:\\\/\\\/hofre.pl\\\/index.php\\\/firma-sprzatajaca-dabrowka\\\/#primaryimage\",\"url\":\"https:\\\/\\\/hofre.pl\\\/wp-content\\\/uploads\\\/2023\\\/05\\\/20230317_090921-scaled.jpg\",\"contentUrl\":\"https:\\\/\\\/hofre.pl\\\/wp-content\\\/uploads\\\/2023\\\/05\\\/20230317_090921-scaled.jpg\",\"width\":2560,\"height\":1440},{\"@type\":\"BreadcrumbList\",\"@id\":\"https:\\\/\\\/hofre.pl\\\/index.php\\\/firma-sprzatajaca-dabrowka\\\/#breadcrumb\",\"itemListElement\":[{\"@type\":\"ListItem\",\"position\":1,\"name\":\"Strona g\u0142\u00f3wna\",\"item\":\"https:\\\/\\\/hofre.pl\\\/\"},{\"@type\":\"ListItem\",\"position\":2,\"name\":\"D\u0105br\u00f3wka\"}]},{\"@type\":\"WebSite\",\"@id\":\"https:\\\/\\\/hofre.pl\\\/#website\",\"url\":\"https:\\\/\\\/hofre.pl\\\/\",\"name\":\"Firma sprz\u0105taj\u0105ca Pozna\u0144 Hofre\",\"description\":\"\",\"publisher\":{\"@id\":\"https:\\\/\\\/hofre.pl\\\/#organization\"},\"alternateName\":\"Firma sprz\u0105taj\u0105ca z Poznania\",\"potentialAction\":[{\"@type\":\"SearchAction\",\"target\":{\"@type\":\"EntryPoint\",\"urlTemplate\":\"https:\\\/\\\/hofre.pl\\\/?s={search_term_string}\"},\"query-input\":{\"@type\":\"PropertyValueSpecification\",\"valueRequired\":true,\"valueName\":\"search_term_string\"}}],\"inLanguage\":\"en-US\"},{\"@type\":\"Organization\",\"@id\":\"https:\\\/\\\/hofre.pl\\\/#organization\",\"name\":\"Firma sprz\u0105taj\u0105ca Pozna\u0144 Hofre\",\"url\":\"https:\\\/\\\/hofre.pl\\\/\",\"logo\":{\"@type\":\"ImageObject\",\"inLanguage\":\"en-US\",\"@id\":\"https:\\\/\\\/hofre.pl\\\/#\\\/schema\\\/logo\\\/image\\\/\",\"url\":\"https:\\\/\\\/hofre.pl\\\/wp-content\\\/uploads\\\/2023\\\/02\\\/cropped-Hofre-Poznan-logo.jpg\",\"contentUrl\":\"https:\\\/\\\/hofre.pl\\\/wp-content\\\/uploads\\\/2023\\\/02\\\/cropped-Hofre-Poznan-logo.jpg\",\"width\":825,\"height\":250,\"caption\":\"Firma sprz\u0105taj\u0105ca Pozna\u0144 Hofre\"},\"image\":{\"@id\":\"https:\\\/\\\/hofre.pl\\\/#\\\/schema\\\/logo\\\/image\\\/\"},\"sameAs\":[\"https:\\\/\\\/www.facebook.com\\\/profile.php?id=100088584422656\",\"https:\\\/\\\/www.instagram.com\\\/firma_sprzatajaca_poznan_hofre\\\/\"]}]}<\/script>\n<!-- \/ Yoast SEO plugin. -->","yoast_head_json":{"title":"Firma sprz\u0105taj\u0105ca D\u0105br\u00f3wka - Hofre.pl","robots":{"index":"index","follow":"follow","max-snippet":"max-snippet:-1","max-image-preview":"max-image-preview:large","max-video-preview":"max-video-preview:-1"},"canonical":"https:\/\/hofre.pl\/index.php\/firma-sprzatajaca-dabrowka\/","og_locale":"en_US","og_type":"article","og_title":"Firma sprz\u0105taj\u0105ca D\u0105br\u00f3wka - Hofre.pl","og_description":"Firma sprz\u0105taj\u0105ca D\u0105br\u00f3wka D\u0105br\u00f3wka to niewielka miejscowo\u015b\u0107 po\u0142o\u017cona w powiecie pozna\u0144skim, w wojew\u00f3dztwie wielkopolskim, w centralnej cz\u0119\u015bci Polski. Liczba ludno\u015bci wynosi oko\u0142o 5000 os\u00f3b. Miejscowo\u015b\u0107 po\u0142o\u017cona jest w\u015br\u00f3d malowniczych krajobraz\u00f3w Wielkopolski, w s\u0105siedztwie las\u00f3w i p\u00f3l uprawnych. Charakterystyczne dla okolicy s\u0105 pi\u0119kne jeziora oraz liczne \u015bcie\u017cki rowerowe i piesze, zach\u0119caj\u0105ce do aktywnego wypoczynku na \u0142onie [&hellip;]","og_url":"https:\/\/hofre.pl\/index.php\/firma-sprzatajaca-dabrowka\/","article_publisher":"https:\/\/www.facebook.com\/profile.php?id=100088584422656","article_modified_time":"2024-11-26T11:11:35+00:00","og_image":[{"width":2560,"height":1440,"url":"https:\/\/hofre.pl\/wp-content\/uploads\/2023\/05\/20230317_090921-scaled.jpg","type":"image\/jpeg"}],"twitter_card":"summary_large_image","twitter_misc":{"Est. reading time":"3 minutes"},"schema":{"@context":"https:\/\/schema.org","@graph":[{"@type":"WebPage","@id":"https:\/\/hofre.pl\/index.php\/firma-sprzatajaca-dabrowka\/","url":"https:\/\/hofre.pl\/index.php\/firma-sprzatajaca-dabrowka\/","name":"Firma sprz\u0105taj\u0105ca D\u0105br\u00f3wka - Hofre.pl","isPartOf":{"@id":"https:\/\/hofre.pl\/#website"},"primaryImageOfPage":{"@id":"https:\/\/hofre.pl\/index.php\/firma-sprzatajaca-dabrowka\/#primaryimage"},"image":{"@id":"https:\/\/hofre.pl\/index.php\/firma-sprzatajaca-dabrowka\/#primaryimage"},"thumbnailUrl":"https:\/\/hofre.pl\/wp-content\/uploads\/2023\/05\/20230317_090921-1024x576.jpg","datePublished":"2023-04-01T19:44:47+00:00","dateModified":"2024-11-26T11:11:35+00:00","breadcrumb":{"@id":"https:\/\/hofre.pl\/index.php\/firma-sprzatajaca-dabrowka\/#breadcrumb"},"inLanguage":"en-US","potentialAction":[{"@type":"ReadAction","target":["https:\/\/hofre.pl\/index.php\/firma-sprzatajaca-dabrowka\/"]}]},{"@type":"ImageObject","inLanguage":"en-US","@id":"https:\/\/hofre.pl\/index.php\/firma-sprzatajaca-dabrowka\/#primaryimage","url":"https:\/\/hofre.pl\/wp-content\/uploads\/2023\/05\/20230317_090921-scaled.jpg","contentUrl":"https:\/\/hofre.pl\/wp-content\/uploads\/2023\/05\/20230317_090921-scaled.jpg","width":2560,"height":1440},{"@type":"BreadcrumbList","@id":"https:\/\/hofre.pl\/index.php\/firma-sprzatajaca-dabrowka\/#breadcrumb","itemListElement":[{"@type":"ListItem","position":1,"name":"Strona g\u0142\u00f3wna","item":"https:\/\/hofre.pl\/"},{"@type":"ListItem","position":2,"name":"D\u0105br\u00f3wka"}]},{"@type":"WebSite","@id":"https:\/\/hofre.pl\/#website","url":"https:\/\/hofre.pl\/","name":"Firma sprz\u0105taj\u0105ca Pozna\u0144 Hofre","description":"","publisher":{"@id":"https:\/\/hofre.pl\/#organization"},"alternateName":"Firma sprz\u0105taj\u0105ca z Poznania","potentialAction":[{"@type":"SearchAction","target":{"@type":"EntryPoint","urlTemplate":"https:\/\/hofre.pl\/?s={search_term_string}"},"query-input":{"@type":"PropertyValueSpecification","valueRequired":true,"valueName":"search_term_string"}}],"inLanguage":"en-US"},{"@type":"Organization","@id":"https:\/\/hofre.pl\/#organization","name":"Firma sprz\u0105taj\u0105ca Pozna\u0144 Hofre","url":"https:\/\/hofre.pl\/","logo":{"@type":"ImageObject","inLanguage":"en-US","@id":"https:\/\/hofre.pl\/#\/schema\/logo\/image\/","url":"https:\/\/hofre.pl\/wp-content\/uploads\/2023\/02\/cropped-Hofre-Poznan-logo.jpg","contentUrl":"https:\/\/hofre.pl\/wp-content\/uploads\/2023\/02\/cropped-Hofre-Poznan-logo.jpg","width":825,"height":250,"caption":"Firma sprz\u0105taj\u0105ca Pozna\u0144 Hofre"},"image":{"@id":"https:\/\/hofre.pl\/#\/schema\/logo\/image\/"},"sameAs":["https:\/\/www.facebook.com\/profile.php?id=100088584422656","https:\/\/www.instagram.com\/firma_sprzatajaca_poznan_hofre\/"]}]}},"jetpack_sharing_enabled":true,"_links":{"self":[{"href":"https:\/\/hofre.pl\/index.php\/wp-json\/wp\/v2\/pages\/1107","targetHints":{"allow":["GET"]}}],"collection":[{"href":"https:\/\/hofre.pl\/index.php\/wp-json\/wp\/v2\/pages"}],"about":[{"href":"https:\/\/hofre.pl\/index.php\/wp-json\/wp\/v2\/types\/page"}],"author":[{"embeddable":true,"href":"https:\/\/hofre.pl\/index.php\/wp-json\/wp\/v2\/users\/1"}],"replies":[{"embeddable":true,"href":"https:\/\/hofre.pl\/index.php\/wp-json\/wp\/v2\/comments?post=1107"}],"version-history":[{"count":9,"href":"https:\/\/hofre.pl\/index.php\/wp-json\/wp\/v2\/pages\/1107\/revisions"}],"predecessor-version":[{"id":1532,"href":"https:\/\/hofre.pl\/index.php\/wp-json\/wp\/v2\/pages\/1107\/revisions\/1532"}],"wp:attachment":[{"href":"https:\/\/hofre.pl\/index.php\/wp-json\/wp\/v2\/media?parent=1107"}],"curies":[{"name":"wp","href":"https:\/\/api.w.org\/{rel}","templated":true}]}}