{"id":1046,"date":"2023-03-26T20:45:20","date_gmt":"2023-03-26T20:45:20","guid":{"rendered":"https:\/\/hofre.pl\/?page_id=1046"},"modified":"2025-02-27T11:55:26","modified_gmt":"2025-02-27T11:55:26","slug":"mycie-okien-poznan","status":"publish","type":"page","link":"https:\/\/hofre.pl\/index.php\/mycie-okien-poznan\/","title":{"rendered":"Mycie okien"},"content":{"rendered":"\n<h1 class=\"wp-block-heading has-text-align-center\"><strong>Mycie okien Pozna\u0144<\/strong><\/h1>\n\n\n\n<p class=\"has-black-color has-text-color\"><\/p>\n\n\n\n<div class=\"wp-block-media-text alignwide is-stacked-on-mobile\" style=\"grid-template-columns:44% auto\"><figure class=\"wp-block-media-text__media\"><img loading=\"lazy\" decoding=\"async\" width=\"1024\" height=\"576\" src=\"https:\/\/hofre.pl\/wp-content\/uploads\/2023\/03\/20230320_132110-1024x576.jpg\" alt=\"Mycie okien pozna\u0144\" class=\"wp-image-1063 size-full\" srcset=\"https:\/\/hofre.pl\/wp-content\/uploads\/2023\/03\/20230320_132110-1024x576.jpg 1024w, https:\/\/hofre.pl\/wp-content\/uploads\/2023\/03\/20230320_132110-300x169.jpg 300w, https:\/\/hofre.pl\/wp-content\/uploads\/2023\/03\/20230320_132110-768x432.jpg 768w, https:\/\/hofre.pl\/wp-content\/uploads\/2023\/03\/20230320_132110-1536x864.jpg 1536w, https:\/\/hofre.pl\/wp-content\/uploads\/2023\/03\/20230320_132110-2048x1152.jpg 2048w\" sizes=\"auto, (max-width: 1024px) 100vw, 1024px\" \/><\/figure><div class=\"wp-block-media-text__content\">\n<h4 class=\"wp-block-heading has-text-align-center has-black-color has-text-color has-link-color wp-elements-22f2c7df50f377e32c70093aa9ba5dfb\"><strong>Dlaczego warto skorzysta\u0107 z us\u0142ug profesjonalisty?<\/strong><\/h4>\n\n\n\n<p class=\"has-black-color has-text-color\">Mycie okien Pozna\u0144 to czyste okna, ramy czy parapety to wizyt\u00f3wka ka\u017cdego domu, mieszkania i biura. Nie ma nic bardziej nieestetycznego jak brudne , zachlapane, zaplamione okna, kt\u00f3re rzucaj\u0105 si\u0119 w oczy zar\u00f3wno wewn\u0105trz jak i na zewn\u0105trz twojej nieruchomo\u015bci. Masz dosy\u0107 takiego widoku ? W\u0142a\u015bnie dlatego wato zadba\u0107 o regularne mycie okien.<\/p>\n\n\n\n<h2 class=\"wp-block-heading\">Firma myj\u0105ca okna w Poznaniu<\/h2>\n\n\n\n<p class=\"has-text-align-left has-black-color has-text-color\">Dobrze wie, \u017ce nie zawsze mamy czas oraz narz\u0119dzia by wykona\u0107 to zadanie samodzielnie. W takiej sytuacji warto skorzysta\u0107 w us\u0142ug profesjonalnej firmy, kt\u00f3ra specjalizuje si\u0119 w tego typu us\u0142ug. Myjemy okna w Poznaniu i okolicach do 10m wysoko\u015bci. Du\u017ce ma\u0142e, jedno skrzyd\u0142owe, przesuwne , niestandardowe dwu i truj dzielne, balkonowe, w ca\u0142o\u015bci od pod\u0142ogi po sam sufit.<\/p>\n<\/div><\/div>\n\n\n\n<h2 class=\"wp-block-heading has-text-align-center has-black-color has-text-color has-link-color wp-elements-4993bca3b4880dfe4e249e8843ceec37\"><strong>Profesjonalne mycie okien Pozna\u0144 &#8211; jakie korzy\u015bci przynosi zamawiaj\u0105c Hofre ?<\/strong><\/h2>\n\n\n\n<p><\/p>\n\n\n\n<ul class=\"wp-block-list\">\n<li><strong>Po pierwsze<\/strong>, us\u0142ugi mycia okien przez firm\u0119 Hofre pozwalaj\u0105 na oszcz\u0119dno\u015b\u0107 w\u0142asnego bardzo cennego w dzisiejszych realiach \u015bwiata czasu. Mycie okien to zadanie niezwykle czasoch\u0142onne i wymagaj\u0105ce odpowiednich narz\u0119dzi oraz \u015br. czysto\u015bci. Wybieraj\u0105c Hofre profesjonalne mycie okien Pozna\u0144 mo\u017cemy by\u0107 pewni, \u017ce okna zostan\u0105 dok\u0142adnie i skutecznie umyte.<\/li>\n\n\n\n<li><strong>Po drugie<\/strong>, hofre to najlepsze efekty mycia okien . Narz\u0119dzia oraz \u015br. <a href=\"http:\/\/clinex.com.pl\">czysto\u015bci<\/a>, kt\u00f3rymi dysponujemy zapewni\u0105 skuteczne i dok\u0142adne usuniecie i pozbycie si\u0119 wszystkich zanieczyszcze\u0144 , osad\u00f3w , plam, smug oraz innych zabrudze\u0144, kt\u00f3re nagromadzi\u0142y si\u0119 na szybach.<\/li>\n\n\n\n<li><strong>Po trzecie<\/strong>, regularne mycie okien przez ekip\u0119 hofre przyczyni si\u0119 do lepszego stanu technicznego naszych okien. Dzi\u0119ki temu, \u017ce okna s\u0105 regularnie wyczyszczone ze wszystkich zabrudze\u0144 zapobiega si\u0119 gromadzeniu osad\u00f3w i brudu, co wp\u0142ywa na d\u0142u\u017csz\u0105 \u017cywotno\u015b\u0107 okien.<\/li>\n<\/ul>\n\n\n\n<h2 class=\"wp-block-heading has-text-align-center\"><strong>Mycie okien w biurze Pozna\u0144<\/strong><\/h2>\n\n\n\n<p><\/p>\n\n\n\n<p class=\"has-black-color has-text-color\">Mycie okien w biurze to jeden z najwa\u017cniejszych aspekt\u00f3w dba\u0142o\u015bci o higien\u0119 oraz wygl\u0105d w miejscu pracy. To w\u0142a\u015bnie okna przyci\u0105gaj\u0105 naszych klient\u00f3w nowych i starych. Musimy pami\u0119ta\u0107, \u017ce nasi pracownicy te\u017c to zauwa\u017caj\u0105. To oni przebywaj\u0105 na co dzie\u0144 w biurze, a oni chc\u0105 czu\u0107 si\u0119 dobrze tam gdzie wykonuj\u0105 swoj\u0105 prac\u0119 dla ciebie i przede wszystkim dla dobra Twoich klient\u00f3w. Dlatego w\u0142a\u015bnie warto zadba\u0107 o to aby nasze okna w miejscu pracy, biurze czy firmie by\u0142y zawsze czyste i l\u015bni\u0105ce. <\/p>\n\n\n\n<h4 class=\"wp-block-heading has-text-align-center\"><strong>Zalety czystych okien w miejscu pracy.<\/strong><\/h4>\n\n\n\n<ul class=\"wp-block-list\">\n<li><strong>Po pierwsze<\/strong>, jedn\u0105 z g\u0142\u00f3wnych zalet to poprawa jako\u015bci powietrza w pomieszczeniach. Okna gromadz\u0105 kurz i brud co przyczynia si\u0119 do pogorszenia jako\u015bci powietrza w twoim przedsi\u0119biorstwie.<\/li>\n\n\n\n<li><strong>Po drugie<\/strong>, mycie okien w biurze jest bardzo wa\u017cne dla wizerunku firmy. Czyste l\u015bni\u0105ce i bez smug okna przyci\u0105gaj\u0105 uwag\u0119 naszych klient\u00f3w. Sprawiaj\u0105, \u017ce firma jest bardziej profesjonalna. Brudne i zaniedbane okna mog\u0105 zniech\u0119ci\u0107 do skorzystania z us\u0142ug oraz zakup\u00f3w w naszej firmie.<\/li>\n\n\n\n<li><strong>Po trzecie<\/strong>, czyste okna, ramy i parapety zwi\u0119ksza komfort oraz jako\u015b\u0107 pracy naszych pracownik\u00f3w. Du\u017ca dawka wit. D w twoim otoczeniu to najlepszy booster dla twojej za\u0142ogi.<\/li>\n\n\n\n<li><\/li>\n<\/ul>\n\n\n\n<div class=\"wp-block-media-text alignwide is-stacked-on-mobile\" style=\"grid-template-columns:46% auto\"><figure class=\"wp-block-media-text__media\"><img loading=\"lazy\" decoding=\"async\" width=\"1024\" height=\"577\" src=\"https:\/\/hofre.pl\/wp-content\/uploads\/2023\/03\/20221112_095523-1024x577.jpg\" alt=\"Mycie przeszkle\u0144, witryn Pozna\u0144\" class=\"wp-image-1021 size-full\" srcset=\"https:\/\/hofre.pl\/wp-content\/uploads\/2023\/03\/20221112_095523-1024x577.jpg 1024w, https:\/\/hofre.pl\/wp-content\/uploads\/2023\/03\/20221112_095523-300x169.jpg 300w, https:\/\/hofre.pl\/wp-content\/uploads\/2023\/03\/20221112_095523-768x432.jpg 768w\" sizes=\"auto, (max-width: 1024px) 100vw, 1024px\" \/><\/figure><div class=\"wp-block-media-text__content\">\n<h2 class=\"wp-block-heading\"><strong>Mycie przeszkle\u0144 w biurze oraz witryn Pozna\u0144.<\/strong><\/h2>\n\n\n\n<p class=\"has-black-color has-text-color\">Czyste przeszklenia oddzielaj\u0105ce pomieszczenia miedzy pracownikami. Bardzo cz\u0119sto zachlapane lub te\u017c zabrudzone dotykiem palc\u00f3w naszych pracownik\u00f3w. Nieestetyczne okropne plamy, kt\u00f3rych nie lubimy i chcieli by\u015bmy si\u0119 pozby\u0107. Zadbajmy wi\u0119c o ten aspekt naszego biura. Profesjonalne podej\u015bcie naszej ekipy poradzi sobie z ka\u017cd\u0105 przeszkod\u0105 szklan\u0105, przeszkleniem czy wewn\u0119trznymi oknami naszego biura, cz\u0119sto nazywanymi akwariami szefa lub stref sal konferencyjnych.<\/p>\n<\/div><\/div>\n\n\n\n<p><\/p>\n\n\n\n<h2 class=\"wp-block-heading has-text-align-center has-black-color has-text-color has-link-color wp-elements-811cd01b0b302e96f2752f782499b23d\"><strong>Mycie okien po budowie, remoncie Pozna\u0144<\/strong><\/h2>\n\n\n\n<div class=\"wp-block-media-text alignwide has-media-on-the-right is-stacked-on-mobile\" style=\"grid-template-columns:auto 43%\"><div class=\"wp-block-media-text__content\">\n<p class=\"has-black-color has-text-color\"><strong>Mycie okien po budowie<\/strong>, remoncie to kolejna i bardzo wa\u017cna us\u0142uga oferowana przez firm\u0119 hofre. Budowa czy remont to nie \u0142atwe zadanie a w\u0142a\u015bnie w takiej sytuacji twoje okna s\u0105 nara\u017cone na zanieczyszczenia, takie jak py\u0142, farba, tynk czy nawet i gruz. Mycie okien po budowie wymaga posiadanie odpowiedniego sprz\u0119tu, \u015br. czysto\u015bci oraz techniki by nie uszkodzi\u0107 twoich nowych okien w Poznaniu czy okolicach naszego miasta.<\/p>\n\n\n\n<p class=\"has-black-color has-text-color\">Warto zatem zleci\u0107 mycie okien po budowie lub remoncie profesjonalnej firmie sprz\u0105taj\u0105cej, kt\u00f3ra dysponuje nie tylko odpowiednim sprz\u0119tem, ale tak\u017ce do\u015bwiadczon\u0105 ekip\u0105, kt\u00f3ra wie, jak najlepiej usun\u0105\u0107 zanieczyszczenia z okien bez uszkodzenia szyb, parapet\u00f3w oraz ram. <\/p>\n<\/div><figure class=\"wp-block-media-text__media\"><img loading=\"lazy\" decoding=\"async\" width=\"1024\" height=\"577\" src=\"https:\/\/hofre.pl\/wp-content\/uploads\/2023\/03\/20230227_110058-1024x577.jpg\" alt=\"Mycie okien po budowie, remoncie pozna\u0144\" class=\"wp-image-1068 size-full\" srcset=\"https:\/\/hofre.pl\/wp-content\/uploads\/2023\/03\/20230227_110058-1024x577.jpg 1024w, https:\/\/hofre.pl\/wp-content\/uploads\/2023\/03\/20230227_110058-300x169.jpg 300w, https:\/\/hofre.pl\/wp-content\/uploads\/2023\/03\/20230227_110058-768x432.jpg 768w, https:\/\/hofre.pl\/wp-content\/uploads\/2023\/03\/20230227_110058-1536x865.jpg 1536w, https:\/\/hofre.pl\/wp-content\/uploads\/2023\/03\/20230227_110058-2048x1153.jpg 2048w\" sizes=\"auto, (max-width: 1024px) 100vw, 1024px\" \/><\/figure><\/div>\n\n\n\n<h4 class=\"wp-block-heading has-text-align-center has-black-color has-text-color has-link-color wp-elements-56cd8c167be36af71595acfab45fa8df\"><strong>Firma myj\u0105ca okna Pozna\u0144<\/strong><\/h4>\n\n\n\n<p class=\"has-black-color has-text-color\">Podsumowuj\u0105c nasze us\u0142ugi mycia okien w Poznaniu to niezwykle wa\u017cna kwestia dla twojego biura, domu i mieszkania. <\/p>\n\n\n\n<p class=\"has-black-color has-text-color\">Zatrudnienie profesjonalnej firmy myj\u0105cej okna korzy\u015bci<\/p>\n\n\n\n<ul class=\"wp-block-list\">\n<li>Oszcz\u0119dno\u015b\u0107 czasu i pieni\u0119dzy<\/li>\n\n\n\n<li>U\u017cycie profesjonalnych \u015br. <a href=\"https:\/\/www.clinex.com.pl\" target=\"_blank\" rel=\"noreferrer noopener\">czysto\u015bci<\/a><\/li>\n\n\n\n<li>U\u017cycie najlepszego <a href=\"https:\/\/www.ttsystem.com\/en\" target=\"_blank\" rel=\"noreferrer noopener\">sprz\u0119tu<\/a> czyszcz\u0105cego<\/li>\n\n\n\n<li>Gwarancja czystych i niezniszczonych okien po budowie, remoncie<\/li>\n\n\n\n<li>Wyd\u0142u\u017cenie \u017cywotno\u015bci oraz popraw\u0119 stanu technicznego okien <\/li>\n\n\n\n<li>Lepsze samopoczucie domownik\u00f3w <\/li>\n\n\n\n<li>Lepsza i efektywniejsza praca twoich pracownik\u00f3w<\/li>\n\n\n\n<li>Polepszenie wizerunku przedsi\u0119biorstwa<\/li>\n\n\n\n<li>Pozyskanie wi\u0119kszej ilo\u015bci klient\u00f3w dla twojej firmy <\/li>\n\n\n\n<li>Poprawa jako\u015bci powietrza w twoim biurze, domu , mieszkaniu <\/li>\n<\/ul>\n\n\n\n<p class=\"has-black-color has-text-color\"><strong>Ekipa sprz\u0105taj\u0105ca Pozna\u0144<\/strong> Hofre to gwarancja najlepszych us\u0142ug mycia okien w Poznaniu . Korzystanie z us\u0142ug profesjonalnej firmy w zakresie mycia okien to gwarancja uzyskania doskona\u0142ych efekt\u00f3w, oszcz\u0119dno\u015b\u0107 czasu, pieni\u0119dzy oraz lepszy stan techniczny okien. Wi\u0119ksza ilo\u015b\u0107 pozyskanych nowych klient\u00f3w i lepsze postrzeganie precyzyjno\u015bci naszej firmy. Dlatego warto skorzysta\u0107 z us\u0142ug specjalist\u00f3w, kt\u00f3rzy profesjonalnie i skutecznie zajm\u0105 si\u0119 myciem okien w Twoim biurze, domu lub mieszkaniu.<\/p>\n\n\n\n<h4 class=\"wp-block-heading has-text-align-center has-black-color has-text-color has-link-color wp-elements-ffd4916c56febfd7338e1dcc65e9acff\"><a href=\"https:\/\/hofre.pl\/index.php\/firma-sprzatajaca-poznan-cennik\/\" target=\"_blank\" rel=\"noreferrer noopener\"><strong>Mycie okien Pozna\u0144 Cennik<\/strong><\/a><\/h4>\n\n\n\n<p class=\"has-text-align-center has-black-color has-text-color\"><strong>Chcesz wiedzie\u0107 ile kosztuje mycie okien w Poznaniu ?<\/strong><\/p>\n\n\n\n<p class=\"has-text-align-center has-black-color has-text-color\">Dla ka\u017cdej z tych <a href=\"https:\/\/hofre.pl\/index.php\/uslugi-sprzatajace-w-poznaniu\/\" target=\"_blank\" rel=\"noreferrer noopener\">us\u0142ug<\/a> posiadamy przyst\u0119pne i na ka\u017cd\u0105 kiesze\u0144 <a href=\"https:\/\/hofre.pl\/index.php\/firma-sprzatajaca-poznan-cennik\/\">ceny<\/a>, wystawiamy faktury vat.<\/p>\n\n\n\n<p><\/p>\n","protected":false},"excerpt":{"rendered":"<p>Mycie okien Pozna\u0144 Dlaczego warto skorzysta\u0107 z us\u0142ug profesjonalisty? Mycie okien Pozna\u0144 to czyste okna, ramy czy parapety to wizyt\u00f3wka ka\u017cdego domu, mieszkania i biura. Nie ma nic bardziej nieestetycznego jak brudne , zachlapane, zaplamione okna, kt\u00f3re rzucaj\u0105 si\u0119 w oczy zar\u00f3wno wewn\u0105trz jak i na zewn\u0105trz twojej nieruchomo\u015bci. Masz dosy\u0107 takiego widoku ? W\u0142a\u015bnie [&hellip;]<\/p>\n","protected":false},"author":1,"featured_media":0,"parent":0,"menu_order":0,"comment_status":"closed","ping_status":"closed","template":"","meta":{"footnotes":""},"class_list":["post-1046","page","type-page","status-publish","hentry"],"yoast_head":"<!-- This site is optimized with the Yoast SEO plugin v27.4 - https:\/\/yoast.com\/product\/yoast-seo-wordpress\/ -->\n<title>Mycie okien Pozna\u0144 - Hofre.pl<\/title>\n<meta name=\"robots\" content=\"index, follow, max-snippet:-1, max-image-preview:large, max-video-preview:-1\" \/>\n<link rel=\"canonical\" href=\"https:\/\/hofre.pl\/index.php\/mycie-okien-poznan\/\" \/>\n<meta property=\"og:locale\" content=\"en_US\" \/>\n<meta property=\"og:type\" content=\"article\" \/>\n<meta property=\"og:title\" content=\"Mycie okien Pozna\u0144 - Hofre.pl\" \/>\n<meta property=\"og:description\" content=\"Mycie okien Pozna\u0144 Dlaczego warto skorzysta\u0107 z us\u0142ug profesjonalisty? Mycie okien Pozna\u0144 to czyste okna, ramy czy parapety to wizyt\u00f3wka ka\u017cdego domu, mieszkania i biura. Nie ma nic bardziej nieestetycznego jak brudne , zachlapane, zaplamione okna, kt\u00f3re rzucaj\u0105 si\u0119 w oczy zar\u00f3wno wewn\u0105trz jak i na zewn\u0105trz twojej nieruchomo\u015bci. Masz dosy\u0107 takiego widoku ? W\u0142a\u015bnie [&hellip;]\" \/>\n<meta property=\"og:url\" content=\"https:\/\/hofre.pl\/index.php\/mycie-okien-poznan\/\" \/>\n<meta property=\"article:publisher\" content=\"https:\/\/www.facebook.com\/profile.php?id=100088584422656\" \/>\n<meta property=\"article:modified_time\" content=\"2025-02-27T11:55:26+00:00\" \/>\n<meta property=\"og:image\" content=\"https:\/\/hofre.pl\/wp-content\/uploads\/2023\/03\/20230320_132110-scaled.jpg\" \/>\n\t<meta property=\"og:image:width\" content=\"2560\" \/>\n\t<meta property=\"og:image:height\" content=\"1440\" \/>\n\t<meta property=\"og:image:type\" content=\"image\/jpeg\" \/>\n<meta name=\"twitter:card\" content=\"summary_large_image\" \/>\n<meta name=\"twitter:label1\" content=\"Est. reading time\" \/>\n\t<meta name=\"twitter:data1\" content=\"5 minutes\" \/>\n<script type=\"application\/ld+json\" class=\"yoast-schema-graph\">{\"@context\":\"https:\\\/\\\/schema.org\",\"@graph\":[{\"@type\":\"WebPage\",\"@id\":\"https:\\\/\\\/hofre.pl\\\/index.php\\\/mycie-okien-poznan\\\/\",\"url\":\"https:\\\/\\\/hofre.pl\\\/index.php\\\/mycie-okien-poznan\\\/\",\"name\":\"Mycie okien Pozna\u0144 - Hofre.pl\",\"isPartOf\":{\"@id\":\"https:\\\/\\\/hofre.pl\\\/#website\"},\"primaryImageOfPage\":{\"@id\":\"https:\\\/\\\/hofre.pl\\\/index.php\\\/mycie-okien-poznan\\\/#primaryimage\"},\"image\":{\"@id\":\"https:\\\/\\\/hofre.pl\\\/index.php\\\/mycie-okien-poznan\\\/#primaryimage\"},\"thumbnailUrl\":\"https:\\\/\\\/hofre.pl\\\/wp-content\\\/uploads\\\/2023\\\/03\\\/20230320_132110-1024x576.jpg\",\"datePublished\":\"2023-03-26T20:45:20+00:00\",\"dateModified\":\"2025-02-27T11:55:26+00:00\",\"breadcrumb\":{\"@id\":\"https:\\\/\\\/hofre.pl\\\/index.php\\\/mycie-okien-poznan\\\/#breadcrumb\"},\"inLanguage\":\"en-US\",\"potentialAction\":[{\"@type\":\"ReadAction\",\"target\":[\"https:\\\/\\\/hofre.pl\\\/index.php\\\/mycie-okien-poznan\\\/\"]}]},{\"@type\":\"ImageObject\",\"inLanguage\":\"en-US\",\"@id\":\"https:\\\/\\\/hofre.pl\\\/index.php\\\/mycie-okien-poznan\\\/#primaryimage\",\"url\":\"https:\\\/\\\/hofre.pl\\\/wp-content\\\/uploads\\\/2023\\\/03\\\/20230320_132110-scaled.jpg\",\"contentUrl\":\"https:\\\/\\\/hofre.pl\\\/wp-content\\\/uploads\\\/2023\\\/03\\\/20230320_132110-scaled.jpg\",\"width\":2560,\"height\":1440,\"caption\":\"Mycie okien pozna\u0144\"},{\"@type\":\"BreadcrumbList\",\"@id\":\"https:\\\/\\\/hofre.pl\\\/index.php\\\/mycie-okien-poznan\\\/#breadcrumb\",\"itemListElement\":[{\"@type\":\"ListItem\",\"position\":1,\"name\":\"Strona g\u0142\u00f3wna\",\"item\":\"https:\\\/\\\/hofre.pl\\\/\"},{\"@type\":\"ListItem\",\"position\":2,\"name\":\"Mycie okien\"}]},{\"@type\":\"WebSite\",\"@id\":\"https:\\\/\\\/hofre.pl\\\/#website\",\"url\":\"https:\\\/\\\/hofre.pl\\\/\",\"name\":\"Firma sprz\u0105taj\u0105ca Pozna\u0144 Hofre\",\"description\":\"\",\"publisher\":{\"@id\":\"https:\\\/\\\/hofre.pl\\\/#organization\"},\"alternateName\":\"Firma sprz\u0105taj\u0105ca z Poznania\",\"potentialAction\":[{\"@type\":\"SearchAction\",\"target\":{\"@type\":\"EntryPoint\",\"urlTemplate\":\"https:\\\/\\\/hofre.pl\\\/?s={search_term_string}\"},\"query-input\":{\"@type\":\"PropertyValueSpecification\",\"valueRequired\":true,\"valueName\":\"search_term_string\"}}],\"inLanguage\":\"en-US\"},{\"@type\":\"Organization\",\"@id\":\"https:\\\/\\\/hofre.pl\\\/#organization\",\"name\":\"Firma sprz\u0105taj\u0105ca Pozna\u0144 Hofre\",\"url\":\"https:\\\/\\\/hofre.pl\\\/\",\"logo\":{\"@type\":\"ImageObject\",\"inLanguage\":\"en-US\",\"@id\":\"https:\\\/\\\/hofre.pl\\\/#\\\/schema\\\/logo\\\/image\\\/\",\"url\":\"https:\\\/\\\/hofre.pl\\\/wp-content\\\/uploads\\\/2023\\\/02\\\/cropped-Hofre-Poznan-logo.jpg\",\"contentUrl\":\"https:\\\/\\\/hofre.pl\\\/wp-content\\\/uploads\\\/2023\\\/02\\\/cropped-Hofre-Poznan-logo.jpg\",\"width\":825,\"height\":250,\"caption\":\"Firma sprz\u0105taj\u0105ca Pozna\u0144 Hofre\"},\"image\":{\"@id\":\"https:\\\/\\\/hofre.pl\\\/#\\\/schema\\\/logo\\\/image\\\/\"},\"sameAs\":[\"https:\\\/\\\/www.facebook.com\\\/profile.php?id=100088584422656\",\"https:\\\/\\\/www.instagram.com\\\/firma_sprzatajaca_poznan_hofre\\\/\"]}]}<\/script>\n<!-- \/ Yoast SEO plugin. -->","yoast_head_json":{"title":"Mycie okien Pozna\u0144 - Hofre.pl","robots":{"index":"index","follow":"follow","max-snippet":"max-snippet:-1","max-image-preview":"max-image-preview:large","max-video-preview":"max-video-preview:-1"},"canonical":"https:\/\/hofre.pl\/index.php\/mycie-okien-poznan\/","og_locale":"en_US","og_type":"article","og_title":"Mycie okien Pozna\u0144 - Hofre.pl","og_description":"Mycie okien Pozna\u0144 Dlaczego warto skorzysta\u0107 z us\u0142ug profesjonalisty? Mycie okien Pozna\u0144 to czyste okna, ramy czy parapety to wizyt\u00f3wka ka\u017cdego domu, mieszkania i biura. Nie ma nic bardziej nieestetycznego jak brudne , zachlapane, zaplamione okna, kt\u00f3re rzucaj\u0105 si\u0119 w oczy zar\u00f3wno wewn\u0105trz jak i na zewn\u0105trz twojej nieruchomo\u015bci. Masz dosy\u0107 takiego widoku ? W\u0142a\u015bnie [&hellip;]","og_url":"https:\/\/hofre.pl\/index.php\/mycie-okien-poznan\/","article_publisher":"https:\/\/www.facebook.com\/profile.php?id=100088584422656","article_modified_time":"2025-02-27T11:55:26+00:00","og_image":[{"width":2560,"height":1440,"url":"https:\/\/hofre.pl\/wp-content\/uploads\/2023\/03\/20230320_132110-scaled.jpg","type":"image\/jpeg"}],"twitter_card":"summary_large_image","twitter_misc":{"Est. reading time":"5 minutes"},"schema":{"@context":"https:\/\/schema.org","@graph":[{"@type":"WebPage","@id":"https:\/\/hofre.pl\/index.php\/mycie-okien-poznan\/","url":"https:\/\/hofre.pl\/index.php\/mycie-okien-poznan\/","name":"Mycie okien Pozna\u0144 - Hofre.pl","isPartOf":{"@id":"https:\/\/hofre.pl\/#website"},"primaryImageOfPage":{"@id":"https:\/\/hofre.pl\/index.php\/mycie-okien-poznan\/#primaryimage"},"image":{"@id":"https:\/\/hofre.pl\/index.php\/mycie-okien-poznan\/#primaryimage"},"thumbnailUrl":"https:\/\/hofre.pl\/wp-content\/uploads\/2023\/03\/20230320_132110-1024x576.jpg","datePublished":"2023-03-26T20:45:20+00:00","dateModified":"2025-02-27T11:55:26+00:00","breadcrumb":{"@id":"https:\/\/hofre.pl\/index.php\/mycie-okien-poznan\/#breadcrumb"},"inLanguage":"en-US","potentialAction":[{"@type":"ReadAction","target":["https:\/\/hofre.pl\/index.php\/mycie-okien-poznan\/"]}]},{"@type":"ImageObject","inLanguage":"en-US","@id":"https:\/\/hofre.pl\/index.php\/mycie-okien-poznan\/#primaryimage","url":"https:\/\/hofre.pl\/wp-content\/uploads\/2023\/03\/20230320_132110-scaled.jpg","contentUrl":"https:\/\/hofre.pl\/wp-content\/uploads\/2023\/03\/20230320_132110-scaled.jpg","width":2560,"height":1440,"caption":"Mycie okien pozna\u0144"},{"@type":"BreadcrumbList","@id":"https:\/\/hofre.pl\/index.php\/mycie-okien-poznan\/#breadcrumb","itemListElement":[{"@type":"ListItem","position":1,"name":"Strona g\u0142\u00f3wna","item":"https:\/\/hofre.pl\/"},{"@type":"ListItem","position":2,"name":"Mycie okien"}]},{"@type":"WebSite","@id":"https:\/\/hofre.pl\/#website","url":"https:\/\/hofre.pl\/","name":"Firma sprz\u0105taj\u0105ca Pozna\u0144 Hofre","description":"","publisher":{"@id":"https:\/\/hofre.pl\/#organization"},"alternateName":"Firma sprz\u0105taj\u0105ca z Poznania","potentialAction":[{"@type":"SearchAction","target":{"@type":"EntryPoint","urlTemplate":"https:\/\/hofre.pl\/?s={search_term_string}"},"query-input":{"@type":"PropertyValueSpecification","valueRequired":true,"valueName":"search_term_string"}}],"inLanguage":"en-US"},{"@type":"Organization","@id":"https:\/\/hofre.pl\/#organization","name":"Firma sprz\u0105taj\u0105ca Pozna\u0144 Hofre","url":"https:\/\/hofre.pl\/","logo":{"@type":"ImageObject","inLanguage":"en-US","@id":"https:\/\/hofre.pl\/#\/schema\/logo\/image\/","url":"https:\/\/hofre.pl\/wp-content\/uploads\/2023\/02\/cropped-Hofre-Poznan-logo.jpg","contentUrl":"https:\/\/hofre.pl\/wp-content\/uploads\/2023\/02\/cropped-Hofre-Poznan-logo.jpg","width":825,"height":250,"caption":"Firma sprz\u0105taj\u0105ca Pozna\u0144 Hofre"},"image":{"@id":"https:\/\/hofre.pl\/#\/schema\/logo\/image\/"},"sameAs":["https:\/\/www.facebook.com\/profile.php?id=100088584422656","https:\/\/www.instagram.com\/firma_sprzatajaca_poznan_hofre\/"]}]}},"jetpack_sharing_enabled":true,"_links":{"self":[{"href":"https:\/\/hofre.pl\/index.php\/wp-json\/wp\/v2\/pages\/1046","targetHints":{"allow":["GET"]}}],"collection":[{"href":"https:\/\/hofre.pl\/index.php\/wp-json\/wp\/v2\/pages"}],"about":[{"href":"https:\/\/hofre.pl\/index.php\/wp-json\/wp\/v2\/types\/page"}],"author":[{"embeddable":true,"href":"https:\/\/hofre.pl\/index.php\/wp-json\/wp\/v2\/users\/1"}],"replies":[{"embeddable":true,"href":"https:\/\/hofre.pl\/index.php\/wp-json\/wp\/v2\/comments?post=1046"}],"version-history":[{"count":31,"href":"https:\/\/hofre.pl\/index.php\/wp-json\/wp\/v2\/pages\/1046\/revisions"}],"predecessor-version":[{"id":1634,"href":"https:\/\/hofre.pl\/index.php\/wp-json\/wp\/v2\/pages\/1046\/revisions\/1634"}],"wp:attachment":[{"href":"https:\/\/hofre.pl\/index.php\/wp-json\/wp\/v2\/media?parent=1046"}],"curies":[{"name":"wp","href":"https:\/\/api.w.org\/{rel}","templated":true}]}}